Last updated on 2024-04-27 15:49:26 CEST.
Flavor | Version | Tinstall | Tcheck | Ttotal | Status | Flags |
---|---|---|---|---|---|---|
r-devel-linux-x86_64-debian-clang | 0.0.5 | 156.53 | 131.09 | 287.62 | NOTE | |
r-devel-linux-x86_64-debian-gcc | 0.0.5 | 156.47 | 102.32 | 258.79 | NOTE | |
r-devel-linux-x86_64-fedora-clang | 0.0.5 | 371.36 | NOTE | |||
r-devel-linux-x86_64-fedora-gcc | 0.0.5 | 446.85 | NOTE | |||
r-devel-windows-x86_64 | 0.0.5 | 144.00 | 131.00 | 275.00 | NOTE | |
r-patched-linux-x86_64 | 0.0.5 | 130.52 | 132.73 | 263.25 | NOTE | |
r-release-linux-x86_64 | 0.0.5 | 150.28 | 134.15 | 284.43 | NOTE | |
r-release-macos-arm64 | 0.0.5 | 92.00 | NOTE | |||
r-release-windows-x86_64 | 0.0.5 | 141.00 | 128.00 | 269.00 | NOTE | |
r-oldrel-macos-arm64 | 0.0.5 | 159.00 | NOTE | |||
r-oldrel-macos-x86_64 | 0.0.5 | 373.00 | NOTE | |||
r-oldrel-windows-x86_64 | 0.0.5 | 170.00 | 154.00 | 324.00 | NOTE |
Version: 0.0.5
Check: for GNU extensions in Makefiles
Result: NOTE
GNU make is a SystemRequirements.
Flavors: r-devel-linux-x86_64-debian-clang, r-devel-linux-x86_64-debian-gcc, r-devel-linux-x86_64-fedora-clang, r-devel-linux-x86_64-fedora-gcc, r-devel-windows-x86_64, r-patched-linux-x86_64, r-release-linux-x86_64, r-release-macos-arm64, r-release-windows-x86_64, r-oldrel-macos-arm64, r-oldrel-macos-x86_64, r-oldrel-windows-x86_64
Version: 0.0.5
Check: installed package size
Result: NOTE
installed size is 39.3Mb
sub-directories of 1Mb or more:
libs 39.1Mb
Flavors: r-release-macos-arm64, r-oldrel-macos-arm64, r-oldrel-macos-x86_64