Last updated on 2024-06-26 15:54:40 CEST.
Flavor | Version | Tinstall | Tcheck | Ttotal | Status | Flags |
---|---|---|---|---|---|---|
r-devel-linux-x86_64-debian-clang | 1.0.1 | NOTE | ||||
r-devel-linux-x86_64-debian-gcc | 1.0.1 | 166.60 | 44.34 | 210.94 | NOTE | |
r-devel-linux-x86_64-fedora-clang | 1.0.1 | 417.13 | NOTE | |||
r-devel-linux-x86_64-fedora-gcc | 1.0.1 | 471.42 | NOTE | |||
r-devel-windows-x86_64 | 1.0.1 | 194.00 | 96.00 | 290.00 | NOTE | |
r-patched-linux-x86_64 | 1.0.1 | 202.76 | 56.60 | 259.36 | NOTE | |
r-release-linux-x86_64 | 1.0.1 | 192.55 | 55.68 | 248.23 | NOTE | |
r-release-macos-arm64 | 1.0.1 | 87.00 | NOTE | |||
r-release-macos-x86_64 | 1.0.1 | 92.00 | NOTE | |||
r-release-windows-x86_64 | 1.0.1 | 197.00 | 97.00 | 294.00 | NOTE | |
r-oldrel-macos-arm64 | 1.0.1 | 107.00 | NOTE | |||
r-oldrel-macos-x86_64 | 1.0.1 | 216.00 | NOTE | |||
r-oldrel-windows-x86_64 | 1.0.1 | 231.00 | 120.00 | 351.00 | NOTE |
Version: 1.0.1
Check: C++ specification
Result: NOTE
Specified C++11: please drop specification unless essential
Flavors: r-devel-linux-x86_64-debian-clang, r-devel-linux-x86_64-debian-gcc, r-devel-linux-x86_64-fedora-clang, r-devel-linux-x86_64-fedora-gcc, r-devel-windows-x86_64, r-patched-linux-x86_64, r-release-linux-x86_64, r-release-macos-arm64, r-release-macos-x86_64, r-release-windows-x86_64, r-oldrel-macos-arm64, r-oldrel-macos-x86_64, r-oldrel-windows-x86_64
Version: 1.0.1
Check: Rd files
Result: NOTE
checkRd: (-1) predict.bayeslm.fit.Rd:18: Lost braces; missing escapes or markup?
18 | \item{X }{ If call \code{bayeslm} with matrices input \code{x} and {y} but not formula, pass new matrix to predict here. See example for details.}
| ^
Flavors: r-devel-linux-x86_64-debian-clang, r-devel-linux-x86_64-debian-gcc, r-devel-linux-x86_64-fedora-clang, r-devel-linux-x86_64-fedora-gcc, r-devel-windows-x86_64, r-patched-linux-x86_64, r-release-linux-x86_64, r-release-macos-arm64, r-release-macos-x86_64, r-release-windows-x86_64
Version: 1.0.1
Check: for GNU extensions in Makefiles
Result: NOTE
GNU make is a SystemRequirements.
Flavors: r-devel-linux-x86_64-debian-clang, r-devel-linux-x86_64-debian-gcc, r-devel-linux-x86_64-fedora-clang, r-devel-linux-x86_64-fedora-gcc, r-devel-windows-x86_64, r-patched-linux-x86_64, r-release-linux-x86_64, r-release-macos-arm64, r-release-macos-x86_64, r-release-windows-x86_64, r-oldrel-macos-arm64, r-oldrel-macos-x86_64, r-oldrel-windows-x86_64
Version: 1.0.1
Check: installed package size
Result: NOTE
installed size is 8.3Mb
sub-directories of 1Mb or more:
libs 8.1Mb
Flavors: r-release-macos-arm64, r-release-macos-x86_64, r-oldrel-macos-arm64, r-oldrel-macos-x86_64