Last updated on 2024-08-16 15:49:27 CEST.
Flavor | Version | Tinstall | Tcheck | Ttotal | Status | Flags |
---|---|---|---|---|---|---|
r-devel-linux-x86_64-debian-clang | 3.4 | 14.65 | 131.84 | 146.49 | NOTE | |
r-devel-linux-x86_64-debian-gcc | 3.4 | 10.13 | 87.65 | 97.78 | NOTE | |
r-devel-linux-x86_64-fedora-clang | 3.4 | 242.11 | OK | |||
r-devel-linux-x86_64-fedora-gcc | 3.4 | 242.85 | OK | |||
r-devel-windows-x86_64 | 3.4 | 15.00 | 140.00 | 155.00 | NOTE | |
r-patched-linux-x86_64 | 3.4 | 16.96 | 124.45 | 141.41 | OK | |
r-release-linux-x86_64 | 3.4 | 12.75 | 124.54 | 137.29 | OK | |
r-release-macos-arm64 | 3.4 | 65.00 | OK | |||
r-release-macos-x86_64 | 3.4 | 105.00 | OK | |||
r-release-windows-x86_64 | 3.4 | 15.00 | 138.00 | 153.00 | OK | |
r-oldrel-macos-arm64 | 3.4 | 75.00 | OK | |||
r-oldrel-macos-x86_64 | 3.4 | 155.00 | OK | |||
r-oldrel-windows-x86_64 | 3.4 | 21.00 | 173.00 | 194.00 | OK |
Version: 3.4
Check: Rd cross-references
Result: NOTE
Found the following Rd file(s) with Rd \link{} targets missing package
anchors:
convolve.Rd: funnel
Please provide package anchors for all Rd \link{} targets not in the
package itself and the base packages.
Flavors: r-devel-linux-x86_64-debian-clang, r-devel-linux-x86_64-debian-gcc, r-devel-windows-x86_64