Last updated on 2024-08-16 15:49:27 CEST.
Flavor | Version | Tinstall | Tcheck | Ttotal | Status | Flags |
---|---|---|---|---|---|---|
r-devel-linux-x86_64-debian-clang | 1.11.1 | 13.81 | 398.78 | 412.59 | NOTE | |
r-devel-linux-x86_64-debian-gcc | 1.11.1 | 8.91 | 248.39 | 257.30 | NOTE | |
r-devel-linux-x86_64-fedora-clang | 1.11.1 | 672.25 | NOTE | |||
r-devel-linux-x86_64-fedora-gcc | 1.11.1 | 635.47 | OK | |||
r-devel-windows-x86_64 | 1.11.1 | 16.00 | 339.00 | 355.00 | NOTE | |
r-patched-linux-x86_64 | 1.11.1 | 20.01 | 371.09 | 391.10 | OK | |
r-release-linux-x86_64 | 1.11.1 | 12.20 | 374.31 | 386.51 | OK | |
r-release-macos-arm64 | 1.11.1 | 209.00 | NOTE | |||
r-release-macos-x86_64 | 1.11.1 | 291.00 | NOTE | |||
r-release-windows-x86_64 | 1.11.1 | 17.00 | 338.00 | 355.00 | NOTE | |
r-oldrel-macos-arm64 | 1.11.1 | 151.00 | NOTE | |||
r-oldrel-macos-x86_64 | 1.11.1 | 318.00 | NOTE | |||
r-oldrel-windows-x86_64 | 1.11.1 | 20.00 | 473.00 | 493.00 | NOTE |
Version: 1.11.1
Check: Rd cross-references
Result: NOTE
Found the following Rd file(s) with Rd \link{} targets missing package
anchors:
MCMC-combos.Rd: posterior
MCMC-diagnostics.Rd: posterior
MCMC-distributions.Rd: posterior
MCMC-intervals.Rd: posterior
MCMC-overview.Rd: posterior
MCMC-parcoord.Rd: posterior
MCMC-recover.Rd: posterior
MCMC-scatterplots.Rd: posterior, ggtitle
MCMC-traces.Rd: posterior
Please provide package anchors for all Rd \link{} targets not in the
package itself and the base packages.
Flavors: r-devel-linux-x86_64-debian-clang, r-devel-linux-x86_64-debian-gcc, r-devel-windows-x86_64
Version: 1.11.1
Check: installed package size
Result: NOTE
installed size is 6.5Mb
sub-directories of 1Mb or more:
R 1.9Mb
doc 3.8Mb
Flavors: r-devel-linux-x86_64-fedora-clang, r-devel-windows-x86_64, r-release-macos-arm64, r-release-macos-x86_64, r-release-windows-x86_64, r-oldrel-macos-arm64, r-oldrel-macos-x86_64, r-oldrel-windows-x86_64