Last updated on 2024-05-04 03:50:13 CEST.
Flavor | Version | Tinstall | Tcheck | Ttotal | Status | Flags |
---|---|---|---|---|---|---|
r-devel-linux-x86_64-debian-clang | 0.1.0 | 14.07 | 106.46 | 120.53 | OK | |
r-devel-linux-x86_64-fedora-clang | 0.1.0 | 153.37 | NOTE | |||
r-devel-linux-x86_64-fedora-gcc | 0.1.0 | 148.59 | NOTE | |||
r-devel-windows-x86_64 | 0.1.0 | 12.00 | 94.00 | 106.00 | OK | |
r-patched-linux-x86_64 | 0.1.0 | 8.23 | 101.96 | 110.19 | OK | |
r-release-linux-x86_64 | 0.1.0 | 8.87 | 104.05 | 112.92 | OK | |
r-release-macos-arm64 | 0.1.0 | 45.00 | OK | |||
r-release-windows-x86_64 | 0.1.0 | 11.00 | 94.00 | 105.00 | OK | |
r-oldrel-macos-arm64 | 0.1.0 | 48.00 | OK | |||
r-oldrel-macos-x86_64 | 0.1.0 | 77.00 | OK | |||
r-oldrel-windows-x86_64 | 0.1.0 | 15.00 | 104.00 | 119.00 | OK |
Version: 0.1.0
Check: dependencies in R code
Result: NOTE
Namespaces in Imports field not imported from:
‘ggfortify’ ‘ggplot2’ ‘matrixStats’ ‘reshape2’ ‘scales’
All declared Imports should be used.
Flavors: r-devel-linux-x86_64-fedora-clang, r-devel-linux-x86_64-fedora-gcc