Last updated on 2024-08-16 03:49:18 CEST.
Flavor | Version | Tinstall | Tcheck | Ttotal | Status | Flags |
---|---|---|---|---|---|---|
r-devel-linux-x86_64-debian-clang | 1.1.0 | 83.58 | 52.62 | 136.20 | NOTE | |
r-devel-linux-x86_64-debian-gcc | 1.1.0 | 61.74 | 38.40 | 100.14 | NOTE | |
r-devel-linux-x86_64-fedora-gcc | 1.1.0 | 261.70 | OK | |||
r-devel-windows-x86_64 | 1.1.0 | 260.00 | 121.00 | 381.00 | NOTE | |
r-patched-linux-x86_64 | 1.1.0 | 92.26 | 50.35 | 142.61 | OK | |
r-release-linux-x86_64 | 1.1.0 | 88.57 | 49.73 | 138.30 | OK | |
r-release-macos-arm64 | 1.1.0 | 70.00 | NOTE | |||
r-release-macos-x86_64 | 1.1.0 | 92.00 | NOTE | |||
r-release-windows-x86_64 | 1.1.0 | 263.00 | 128.00 | 391.00 | NOTE | |
r-oldrel-macos-arm64 | 1.1.0 | 80.00 | NOTE | |||
r-oldrel-macos-x86_64 | 1.1.0 | 109.00 | NOTE | |||
r-oldrel-windows-x86_64 | 1.1.0 | 269.00 | 269.00 | 538.00 | NOTE |
Version: 1.1.0
Check: Rd cross-references
Result: NOTE
Found the following Rd file(s) with Rd \link{} targets missing package
anchors:
DBI.Rd: DBIResult-class, DBIConnection-class
Please provide package anchors for all Rd \link{} targets not in the
package itself and the base packages.
Flavors: r-devel-linux-x86_64-debian-clang, r-devel-linux-x86_64-debian-gcc, r-devel-windows-x86_64
Version: 1.1.0
Check: installed package size
Result: NOTE
installed size is 16.5Mb
sub-directories of 1Mb or more:
libs 16.2Mb
Flavors: r-devel-windows-x86_64, r-release-macos-arm64, r-release-macos-x86_64, r-release-windows-x86_64, r-oldrel-macos-arm64, r-oldrel-macos-x86_64, r-oldrel-windows-x86_64