Last updated on 2024-05-02 15:50:55 CEST.
Flavor | Version | Tinstall | Tcheck | Ttotal | Status | Flags |
---|---|---|---|---|---|---|
r-devel-linux-x86_64-debian-clang | 1.3 | 9.63 | 93.39 | 103.02 | OK | |
r-devel-linux-x86_64-debian-gcc | 1.3 | 9.09 | 68.49 | 77.58 | OK | |
r-devel-linux-x86_64-fedora-clang | 1.3 | 133.91 | NOTE | |||
r-devel-linux-x86_64-fedora-gcc | 1.3 | 122.29 | OK | |||
r-devel-windows-x86_64 | 1.3 | 11.00 | 83.00 | 94.00 | OK | |
r-patched-linux-x86_64 | 1.3 | 13.45 | 86.71 | 100.16 | OK | |
r-release-linux-x86_64 | 1.3 | 11.15 | 86.39 | 97.54 | OK | |
r-release-macos-arm64 | 1.3 | 37.00 | OK | |||
r-release-windows-x86_64 | 1.3 | 11.00 | 83.00 | 94.00 | OK | |
r-oldrel-macos-arm64 | 1.3 | 47.00 | OK | |||
r-oldrel-macos-x86_64 | 1.3 | 66.00 | OK | |||
r-oldrel-windows-x86_64 | 1.3 | 14.00 | 102.00 | 116.00 | OK |
Version: 1.3
Check: Rd cross-references
Result: NOTE
Undeclared package ‘genalg’ in Rd xrefs
Flavor: r-devel-linux-x86_64-fedora-clang