Last updated on 2024-08-16 03:49:18 CEST.
Flavor | Version | Tinstall | Tcheck | Ttotal | Status | Flags |
---|---|---|---|---|---|---|
r-devel-linux-x86_64-debian-clang | 2.0.1 | 8.16 | 71.58 | 79.74 | NOTE | |
r-devel-linux-x86_64-debian-gcc | 2.0.1 | 6.07 | 54.72 | 60.79 | NOTE | |
r-devel-linux-x86_64-fedora-clang | 2.0.1 | 128.81 | NOTE | |||
r-devel-linux-x86_64-fedora-gcc | 2.0.1 | 136.92 | NOTE | |||
r-devel-windows-x86_64 | 2.0.1 | 8.00 | 81.00 | 89.00 | NOTE | |
r-patched-linux-x86_64 | 2.0.1 | 7.28 | 68.84 | 76.12 | NOTE | |
r-release-linux-x86_64 | 2.0.1 | 7.06 | 67.00 | 74.06 | NOTE | |
r-release-macos-arm64 | 2.0.1 | 55.00 | NOTE | |||
r-release-macos-x86_64 | 2.0.1 | 142.00 | NOTE | |||
r-release-windows-x86_64 | 2.0.1 | 9.00 | 80.00 | 89.00 | NOTE | |
r-oldrel-macos-arm64 | 2.0.1 | 59.00 | NOTE | |||
r-oldrel-macos-x86_64 | 2.0.1 | 97.00 | NOTE | |||
r-oldrel-windows-x86_64 | 2.0.1 | 11.00 | 100.00 | 111.00 | NOTE |
Version: 2.0.1
Check: package dependencies
Result: NOTE
Packages suggested but not available for checking:
'adiposerefdata', 'musclerefdata'
Flavors: r-devel-linux-x86_64-debian-clang, r-devel-linux-x86_64-debian-gcc, r-devel-linux-x86_64-fedora-clang, r-devel-linux-x86_64-fedora-gcc, r-devel-windows-x86_64, r-patched-linux-x86_64, r-release-linux-x86_64, r-release-macos-arm64, r-release-macos-x86_64, r-release-windows-x86_64, r-oldrel-macos-arm64, r-oldrel-macos-x86_64, r-oldrel-windows-x86_64