Last updated on 2024-08-16 15:49:28 CEST.
Flavor | Version | Tinstall | Tcheck | Ttotal | Status | Flags |
---|---|---|---|---|---|---|
r-devel-linux-x86_64-debian-clang | 0.42 | 6.81 | 89.47 | 96.28 | NOTE | |
r-devel-linux-x86_64-debian-gcc | 0.42 | 4.59 | 59.54 | 64.13 | NOTE | |
r-devel-linux-x86_64-fedora-clang | 0.42 | 157.41 | OK | |||
r-devel-linux-x86_64-fedora-gcc | 0.42 | 161.62 | OK | |||
r-devel-windows-x86_64 | 0.42 | 9.00 | 117.00 | 126.00 | NOTE | |
r-patched-linux-x86_64 | 0.42 | 11.08 | 83.16 | 94.24 | OK | |
r-release-linux-x86_64 | 0.42 | 6.07 | 81.83 | 87.90 | OK | |
r-release-macos-arm64 | 0.42 | 48.00 | OK | |||
r-release-macos-x86_64 | 0.42 | 135.00 | OK | |||
r-release-windows-x86_64 | 0.42 | 9.00 | 116.00 | 125.00 | OK | |
r-oldrel-macos-arm64 | 0.42 | 67.00 | OK | |||
r-oldrel-macos-x86_64 | 0.42 | 113.00 | OK | |||
r-oldrel-windows-x86_64 | 0.42 | 11.00 | 129.00 | 140.00 | OK |
Version: 0.42
Check: Rd cross-references
Result: NOTE
Found the following Rd file(s) with Rd \link{} targets missing package
anchors:
boxcoxtype.Rd: alldist, allvc
Please provide package anchors for all Rd \link{} targets not in the
package itself and the base packages.
Flavors: r-devel-linux-x86_64-debian-clang, r-devel-linux-x86_64-debian-gcc, r-devel-windows-x86_64