Last updated on 2024-05-04 15:47:53 CEST.
Flavor | Version | Tinstall | Tcheck | Ttotal | Status | Flags |
---|---|---|---|---|---|---|
r-devel-linux-x86_64-debian-clang | 4.8.4 | 36.23 | 743.68 | 779.91 | OK | |
r-devel-linux-x86_64-debian-gcc | 4.8.4 | 28.65 | 535.45 | 564.10 | OK | |
r-devel-linux-x86_64-fedora-clang | 4.8.4 | 1006.56 | OK | |||
r-devel-linux-x86_64-fedora-gcc | 4.8.4 | 1041.32 | OK | |||
r-devel-windows-x86_64 | 4.8.4 | 31.00 | 517.00 | 548.00 | OK | |
r-patched-linux-x86_64 | 4.8.4 | 24.05 | 705.56 | 729.61 | OK | |
r-release-linux-x86_64 | 4.8.4 | 25.47 | 716.55 | 742.02 | OK | |
r-release-macos-arm64 | 4.8.4 | 268.00 | OK | |||
r-release-macos-x86_64 | 4.8.4 | 506.00 | OK | |||
r-release-windows-x86_64 | 4.8.4 | 32.00 | 519.00 | 551.00 | OK | |
r-oldrel-macos-arm64 | 4.8.4 | 10.00 | ERROR | |||
r-oldrel-macos-x86_64 | 4.8.4 | 7.00 | ERROR | |||
r-oldrel-windows-x86_64 | 4.8.4 | 42.00 | 670.00 | 712.00 | OK |
Version: 4.8.4
Check: package dependencies
Result: ERROR
Package required but not available: ‘phyloseq’
See section ‘The DESCRIPTION file’ in the ‘Writing R Extensions’
manual.
Flavors: r-oldrel-macos-arm64, r-oldrel-macos-x86_64