Last updated on 2024-08-16 15:49:28 CEST.
Flavor | Version | Tinstall | Tcheck | Ttotal | Status | Flags |
---|---|---|---|---|---|---|
r-devel-linux-x86_64-debian-clang | 0.8.7 | 11.96 | 169.73 | 181.69 | OK | |
r-devel-linux-x86_64-debian-gcc | 0.8.7 | 8.68 | 120.77 | 129.45 | OK | |
r-devel-linux-x86_64-fedora-clang | 0.8.7 | 292.98 | NOTE | |||
r-devel-linux-x86_64-fedora-gcc | 0.8.7 | 290.51 | OK | |||
r-devel-windows-x86_64 | 0.8.7 | 13.00 | 172.00 | 185.00 | OK | |
r-patched-linux-x86_64 | 0.8.7 | 10.57 | 161.30 | 171.87 | OK | |
r-release-linux-x86_64 | 0.8.7 | 11.39 | 163.93 | 175.32 | OK | |
r-release-macos-arm64 | 0.8.7 | 84.00 | OK | |||
r-release-macos-x86_64 | 0.8.7 | 210.00 | OK | |||
r-release-windows-x86_64 | 0.8.7 | 15.00 | 170.00 | 185.00 | OK | |
r-oldrel-macos-arm64 | 0.8.7 | 90.00 | OK | |||
r-oldrel-macos-x86_64 | 0.8.7 | 207.00 | OK | |||
r-oldrel-windows-x86_64 | 0.8.7 | 17.00 | 219.00 | 236.00 | OK |
Version: 0.8.7
Check: Rd cross-references
Result: NOTE
Undeclared package ‘generics’ in Rd xrefs
Flavor: r-devel-linux-x86_64-fedora-clang