Last updated on 2024-07-12 02:51:06 CEST.
Flavor | Version | Tinstall | Tcheck | Ttotal | Status | Flags |
---|---|---|---|---|---|---|
r-devel-linux-x86_64-debian-clang | 1.3 | 4.44 | 398.26 | 402.70 | OK | |
r-devel-linux-x86_64-debian-gcc | 1.3 | 3.54 | 311.57 | 315.11 | OK | |
r-devel-linux-x86_64-fedora-clang | 1.3 | 546.98 | NOTE | |||
r-devel-linux-x86_64-fedora-gcc | 1.3 | 553.82 | OK | |||
r-devel-windows-x86_64 | 1.3 | 7.00 | 130.00 | 137.00 | NOTE | |
r-patched-linux-x86_64 | 1.3 | 4.80 | 385.80 | 390.60 | OK | |
r-release-linux-x86_64 | 1.3 | 4.89 | 379.25 | 384.14 | OK | |
r-release-macos-arm64 | 1.3 | 58.00 | NOTE | |||
r-release-macos-x86_64 | 1.3 | 107.00 | NOTE | |||
r-release-windows-x86_64 | 1.3 | 5.00 | 130.00 | 135.00 | NOTE | |
r-oldrel-macos-arm64 | 1.3 | 64.00 | NOTE | |||
r-oldrel-macos-x86_64 | 1.3 | 98.00 | NOTE | |||
r-oldrel-windows-x86_64 | 1.3 | 5.00 | 153.00 | 158.00 | NOTE |
Version: 1.3
Check: installed package size
Result: NOTE
installed size is 5.9Mb
sub-directories of 1Mb or more:
doc 5.7Mb
Flavors: r-devel-linux-x86_64-fedora-clang, r-devel-windows-x86_64, r-release-macos-arm64, r-release-macos-x86_64, r-release-windows-x86_64, r-oldrel-macos-arm64, r-oldrel-macos-x86_64, r-oldrel-windows-x86_64