Last updated on 2024-07-12 02:51:06 CEST.
Flavor | Version | Tinstall | Tcheck | Ttotal | Status | Flags |
---|---|---|---|---|---|---|
r-devel-linux-x86_64-debian-clang | 0.3.0 | 2.12 | 27.94 | 30.06 | NOTE | |
r-devel-linux-x86_64-debian-gcc | 0.3.0 | 1.51 | 21.72 | 23.23 | NOTE | |
r-devel-linux-x86_64-fedora-clang | 0.3.0 | 39.28 | NOTE | |||
r-devel-linux-x86_64-fedora-gcc | 0.3.0 | 49.85 | NOTE | |||
r-devel-windows-x86_64 | 0.3.0 | 3.00 | 43.00 | 46.00 | NOTE | |
r-patched-linux-x86_64 | 0.3.0 | 2.16 | 26.10 | 28.26 | NOTE | |
r-release-linux-x86_64 | 0.3.0 | 1.60 | 27.05 | 28.65 | NOTE | |
r-release-macos-arm64 | 0.3.0 | 22.00 | NOTE | |||
r-release-macos-x86_64 | 0.3.0 | 47.00 | NOTE | |||
r-release-windows-x86_64 | 0.3.0 | 3.00 | 44.00 | 47.00 | NOTE | |
r-oldrel-macos-arm64 | 0.3.0 | 23.00 | NOTE | |||
r-oldrel-macos-x86_64 | 0.3.0 | 32.00 | NOTE | |||
r-oldrel-windows-x86_64 | 0.3.0 | 3.00 | 46.00 | 49.00 | NOTE |
Version: 0.3.0
Check: LazyData
Result: NOTE
'LazyData' is specified without a 'data' directory
Flavors: r-devel-linux-x86_64-debian-clang, r-devel-linux-x86_64-debian-gcc, r-devel-linux-x86_64-fedora-clang, r-devel-linux-x86_64-fedora-gcc, r-devel-windows-x86_64, r-patched-linux-x86_64, r-release-linux-x86_64, r-release-macos-arm64, r-release-macos-x86_64, r-release-windows-x86_64, r-oldrel-macos-arm64, r-oldrel-macos-x86_64, r-oldrel-windows-x86_64