Last updated on 2024-08-16 15:49:28 CEST.
Flavor | Version | Tinstall | Tcheck | Ttotal | Status | Flags |
---|---|---|---|---|---|---|
r-devel-linux-x86_64-debian-clang | 1.1.0 | 9.13 | 80.61 | 89.74 | OK | |
r-devel-linux-x86_64-debian-gcc | 1.1.0 | 5.25 | 59.47 | 64.72 | OK | |
r-devel-linux-x86_64-fedora-clang | 1.1.0 | 142.80 | OK | |||
r-devel-linux-x86_64-fedora-gcc | 1.1.0 | 147.93 | OK | |||
r-devel-windows-x86_64 | 1.1.0 | 10.00 | 119.00 | 129.00 | OK | |
r-patched-linux-x86_64 | 1.1.0 | 9.79 | 76.49 | 86.28 | OK | |
r-release-linux-x86_64 | 1.1.0 | 8.67 | 76.97 | 85.64 | OK | |
r-release-macos-arm64 | 1.1.0 | 70.00 | OK | |||
r-release-macos-x86_64 | 1.1.0 | 149.00 | OK | |||
r-release-windows-x86_64 | 1.1.0 | 10.00 | 126.00 | 136.00 | OK | |
r-oldrel-macos-arm64 | 1.1.0 | 86.00 | ERROR | |||
r-oldrel-macos-x86_64 | 1.1.0 | 133.00 | ERROR | |||
r-oldrel-windows-x86_64 | 1.1.0 | 13.00 | 137.00 | 150.00 | OK |
Version: 1.1.0
Check: running R code from vignettes
Result: ERROR
Errors in running code in vignettes:
when running code in ‘Introduction.Rmd’
...
4: DTXSID7020182 oral
5: DTXSID7020182 oral
6: DTXSID7020182 oral
> bpa_bioactivity <- get_bioactivity_details(DTXSID = "DTXSID7020182",
+ API_key = my_key)
When sourcing ‘Introduction.R’:
Error: GET https://api-ccte.epa.gov/bioactivity/data/search/by-dtxsid/DTXSID7020182 (bioactivity/data/search/by-dtxsid/DTXSID7020182.json)
Execution halted
‘Bioactivity.Rmd’ using ‘UTF-8’... [2s/2s] OK
‘Chemical.Rmd’ using ‘UTF-8’... [2s/3s] OK
‘Exposure.Rmd’ using ‘UTF-8’... [1s/1s] OK
‘Hazard.Rmd’ using ‘UTF-8’... [1s/1s] OK
‘Introduction.Rmd’ using ‘UTF-8’... failed
Flavor: r-oldrel-macos-arm64
Version: 1.1.0
Check: running R code from vignettes
Result: ERROR
Errors in running code in vignettes:
when running code in ‘Introduction.Rmd’
...
4: DTXSID7020182 oral
5: DTXSID7020182 oral
6: DTXSID7020182 oral
> bpa_bioactivity <- get_bioactivity_details(DTXSID = "DTXSID7020182",
+ API_key = my_key)
When sourcing ‘Introduction.R’:
Error: GET https://api-ccte.epa.gov/bioactivity/data/search/by-dtxsid/DTXSID7020182 (bioactivity/data/search/by-dtxsid/DTXSID7020182.json)
Execution halted
‘Bioactivity.Rmd’ using ‘UTF-8’... [3s/4s] OK
‘Chemical.Rmd’ using ‘UTF-8’... [3s/5s] OK
‘Exposure.Rmd’ using ‘UTF-8’... [1s/1s] OK
‘Hazard.Rmd’ using ‘UTF-8’... [1s/2s] OK
‘Introduction.Rmd’ using ‘UTF-8’... failed
Flavor: r-oldrel-macos-x86_64