Last updated on 2024-08-16 15:49:28 CEST.
Flavor | Version | Tinstall | Tcheck | Ttotal | Status | Flags |
---|---|---|---|---|---|---|
r-devel-linux-x86_64-debian-clang | 0.1.0 | 2.65 | 30.36 | 33.01 | NOTE | |
r-devel-linux-x86_64-debian-gcc | 0.1.0 | 1.78 | 22.44 | 24.22 | NOTE | |
r-devel-linux-x86_64-fedora-clang | 0.1.0 | 53.03 | NOTE | |||
r-devel-linux-x86_64-fedora-gcc | 0.1.0 | 62.04 | NOTE | |||
r-devel-windows-x86_64 | 0.1.0 | 3.00 | 52.00 | 55.00 | NOTE | |
r-patched-linux-x86_64 | 0.1.0 | 2.71 | 28.43 | 31.14 | NOTE | |
r-release-linux-x86_64 | 0.1.0 | 2.31 | 28.85 | 31.16 | NOTE | |
r-release-macos-arm64 | 0.1.0 | 37.00 | NOTE | |||
r-release-macos-x86_64 | 0.1.0 | 41.00 | NOTE | |||
r-release-windows-x86_64 | 0.1.0 | 4.00 | 52.00 | 56.00 | NOTE | |
r-oldrel-macos-arm64 | 0.1.0 | 30.00 | NOTE | |||
r-oldrel-macos-x86_64 | 0.1.0 | 42.00 | NOTE | |||
r-oldrel-windows-x86_64 | 0.1.0 | 5.00 | 54.00 | 59.00 | NOTE |
Version: 0.1.0
Check: package subdirectories
Result: NOTE
Problems with news in ‘NEWS.md’:
No news entries found.
Flavors: r-devel-linux-x86_64-debian-clang, r-devel-linux-x86_64-debian-gcc, r-devel-linux-x86_64-fedora-clang, r-devel-linux-x86_64-fedora-gcc, r-devel-windows-x86_64, r-patched-linux-x86_64, r-release-linux-x86_64, r-release-macos-arm64, r-release-macos-x86_64, r-release-windows-x86_64, r-oldrel-macos-arm64, r-oldrel-macos-x86_64, r-oldrel-windows-x86_64