Last updated on 2024-05-04 03:50:15 CEST.
Flavor | Version | Tinstall | Tcheck | Ttotal | Status | Flags |
---|---|---|---|---|---|---|
r-devel-linux-x86_64-debian-clang | 1.5.4 | 5.51 | 54.31 | 59.82 | NOTE | |
r-devel-linux-x86_64-fedora-clang | 1.5.4 | 78.05 | NOTE | |||
r-devel-linux-x86_64-fedora-gcc | 1.5.4 | 82.34 | NOTE | |||
r-devel-windows-x86_64 | 1.5.4 | 6.00 | 65.00 | 71.00 | NOTE | |
r-patched-linux-x86_64 | 1.5.4 | 7.33 | 52.41 | 59.74 | NOTE | |
r-release-linux-x86_64 | 1.5.4 | 5.30 | 52.78 | 58.08 | NOTE | |
r-release-macos-arm64 | 1.5.4 | 26.00 | NOTE | |||
r-release-windows-x86_64 | 1.5.4 | 6.00 | 65.00 | 71.00 | NOTE | |
r-oldrel-macos-arm64 | 1.5.4 | 31.00 | OK | |||
r-oldrel-macos-x86_64 | 1.5.4 | 33.00 | OK | |||
r-oldrel-windows-x86_64 | 1.5.4 | 8.00 | 71.00 | 79.00 | OK |
Version: 1.5.4
Check: Rd files
Result: NOTE
checkRd: (-1) clean.Rd:136: Lost braces in \itemize; meant \describe ?
checkRd: (-1) clean.Rd:137: Lost braces in \itemize; meant \describe ?
checkRd: (-1) clean.Rd:138: Lost braces in \itemize; meant \describe ?
checkRd: (-1) clean.Rd:139: Lost braces in \itemize; meant \describe ?
checkRd: (-1) clean.Rd:140: Lost braces in \itemize; meant \describe ?
checkRd: (-1) clean.Rd:141: Lost braces in \itemize; meant \describe ?
checkRd: (-1) clean.Rd:142: Lost braces in \itemize; meant \describe ?
Flavors: r-devel-linux-x86_64-debian-clang, r-devel-linux-x86_64-fedora-clang, r-devel-linux-x86_64-fedora-gcc, r-devel-windows-x86_64, r-patched-linux-x86_64, r-release-linux-x86_64, r-release-macos-arm64, r-release-windows-x86_64