Last updated on 2024-08-16 15:49:28 CEST.
Flavor | Version | Tinstall | Tcheck | Ttotal | Status | Flags |
---|---|---|---|---|---|---|
r-devel-linux-x86_64-debian-clang | 1.1-4 | 3.95 | 31.56 | 35.51 | NOTE | |
r-devel-linux-x86_64-debian-gcc | 1.1-4 | 3.06 | 24.25 | 27.31 | NOTE | |
r-devel-linux-x86_64-fedora-clang | 1.1-4 | 57.96 | NOTE | |||
r-devel-linux-x86_64-fedora-gcc | 1.1-4 | 54.53 | NOTE | |||
r-devel-windows-x86_64 | 1.1-4 | 5.00 | 51.00 | 56.00 | NOTE | |
r-patched-linux-x86_64 | 1.1-4 | 3.93 | 29.64 | 33.57 | NOTE | |
r-release-linux-x86_64 | 1.1-4 | 2.95 | 30.00 | 32.95 | NOTE | |
r-release-macos-arm64 | 1.1-4 | 20.00 | NOTE | |||
r-release-macos-x86_64 | 1.1-4 | 30.00 | NOTE | |||
r-release-windows-x86_64 | 1.1-4 | 4.00 | 51.00 | 55.00 | NOTE | |
r-oldrel-macos-arm64 | 1.1-4 | 23.00 | NOTE | |||
r-oldrel-macos-x86_64 | 1.1-4 | 30.00 | NOTE | |||
r-oldrel-windows-x86_64 | 1.1-4 | 7.00 | 56.00 | 63.00 | NOTE |
Version: 1.1-4
Check: package dependencies
Result: NOTE
Package which this enhances but not available for checking: ‘rkward’
Flavors: r-devel-linux-x86_64-debian-clang, r-devel-linux-x86_64-debian-gcc, r-devel-linux-x86_64-fedora-clang, r-devel-linux-x86_64-fedora-gcc, r-devel-windows-x86_64, r-patched-linux-x86_64, r-release-linux-x86_64, r-release-macos-arm64, r-release-macos-x86_64, r-release-windows-x86_64, r-oldrel-macos-arm64, r-oldrel-macos-x86_64, r-oldrel-windows-x86_64