Last updated on 2024-07-12 02:51:07 CEST.
Flavor | Version | Tinstall | Tcheck | Ttotal | Status | Flags |
---|---|---|---|---|---|---|
r-devel-linux-x86_64-debian-clang | 0.1.9 | 6.08 | 81.04 | 87.12 | OK | |
r-devel-linux-x86_64-debian-gcc | 0.1.9 | 5.43 | 61.68 | 67.11 | OK | |
r-devel-linux-x86_64-fedora-clang | 0.1.9 | 112.82 | NOTE | |||
r-devel-linux-x86_64-fedora-gcc | 0.1.9 | 131.86 | OK | |||
r-devel-windows-x86_64 | 0.1.9 | 8.00 | 72.00 | 80.00 | NOTE | |
r-patched-linux-x86_64 | 0.1.9 | 5.61 | 80.74 | 86.35 | OK | |
r-release-linux-x86_64 | 0.1.9 | 4.19 | 78.29 | 82.48 | OK | |
r-release-macos-arm64 | 0.1.9 | 36.00 | NOTE | |||
r-release-macos-x86_64 | 0.1.9 | 53.00 | NOTE | |||
r-release-windows-x86_64 | 0.1.9 | 7.00 | 71.00 | 78.00 | NOTE | |
r-oldrel-macos-arm64 | 0.1.9 | 43.00 | NOTE | |||
r-oldrel-macos-x86_64 | 0.1.9 | 57.00 | NOTE | |||
r-oldrel-windows-x86_64 | 0.1.9 | 9.00 | 81.00 | 90.00 | NOTE |
Version: 0.1.9
Check: installed package size
Result: NOTE
installed size is 5.2Mb
sub-directories of 1Mb or more:
doc 4.9Mb
Flavors: r-devel-linux-x86_64-fedora-clang, r-devel-windows-x86_64, r-release-macos-arm64, r-release-macos-x86_64, r-release-windows-x86_64, r-oldrel-macos-arm64, r-oldrel-macos-x86_64, r-oldrel-windows-x86_64