Last updated on 2024-08-16 03:49:20 CEST.
Flavor | Version | Tinstall | Tcheck | Ttotal | Status | Flags |
---|---|---|---|---|---|---|
r-devel-linux-x86_64-debian-clang | 1.0.0 | 3.19 | 38.24 | 41.43 | OK | |
r-devel-linux-x86_64-debian-gcc | 1.0.0 | 2.28 | 27.92 | 30.20 | OK | |
r-devel-linux-x86_64-fedora-clang | 1.0.0 | 67.60 | OK | |||
r-devel-linux-x86_64-fedora-gcc | 1.0.0 | 75.77 | OK | |||
r-devel-windows-x86_64 | 1.0.0 | 5.00 | 60.00 | 65.00 | OK | |
r-patched-linux-x86_64 | 1.0.0 | 2.80 | 36.06 | 38.86 | OK | |
r-release-linux-x86_64 | 1.0.0 | 2.62 | 35.95 | 38.57 | OK | |
r-release-macos-arm64 | 1.0.0 | 33.00 | OK | |||
r-release-macos-x86_64 | 1.0.0 | 78.00 | OK | |||
r-release-windows-x86_64 | 1.0.0 | 5.00 | 60.00 | 65.00 | OK | |
r-oldrel-macos-arm64 | 1.0.0 | 11.00 | ERROR | |||
r-oldrel-macos-x86_64 | 1.0.0 | 14.00 | ERROR | |||
r-oldrel-windows-x86_64 | 1.0.0 | 6.00 | 63.00 | 69.00 | OK |
Version: 1.0.0
Check: package dependencies
Result: ERROR
Package required and available but unsuitable version: ‘httr2’
See section ‘The DESCRIPTION file’ in the ‘Writing R Extensions’
manual.
Flavors: r-oldrel-macos-arm64, r-oldrel-macos-x86_64