Last updated on 2024-06-26 15:54:42 CEST.
Flavor | Version | Tinstall | Tcheck | Ttotal | Status | Flags |
---|---|---|---|---|---|---|
r-devel-linux-x86_64-debian-clang | 2.0-4 | NOTE | ||||
r-devel-linux-x86_64-debian-gcc | 2.0-4 | 27.86 | 46.40 | 74.26 | NOTE | |
r-devel-linux-x86_64-fedora-clang | 2.0-4 | 136.78 | NOTE | |||
r-devel-linux-x86_64-fedora-gcc | 2.0-4 | 138.76 | NOTE | |||
r-devel-windows-x86_64 | 2.0-4 | 33.00 | 81.00 | 114.00 | NOTE | |
r-patched-linux-x86_64 | 2.0-4 | 38.35 | 60.61 | 98.96 | NOTE | |
r-release-linux-x86_64 | 2.0-4 | 28.78 | 59.73 | 88.51 | NOTE | |
r-release-macos-arm64 | 2.0-4 | 36.00 | NOTE | |||
r-release-macos-x86_64 | 2.0-4 | 56.00 | NOTE | |||
r-release-windows-x86_64 | 2.0-4 | 33.00 | 81.00 | 114.00 | NOTE | |
r-oldrel-macos-arm64 | 2.0-4 | 39.00 | OK | |||
r-oldrel-macos-x86_64 | 2.0-4 | 57.00 | OK | |||
r-oldrel-windows-x86_64 | 2.0-4 | 42.00 | 96.00 | 138.00 | OK |
Version: 2.0-4
Check: Rd files
Result: NOTE
checkRd: (-1) copCAR.Rd:40: Lost braces
40 | item{\code{maxit}}{the maximum number of iterations to be used by \code{\link{optim}} when optimizing the objective function. Defaults to \code{1000}.}
| ^
checkRd: (-1) copCAR.Rd:40: Lost braces
40 | item{\code{maxit}}{the maximum number of iterations to be used by \code{\link{optim}} when optimizing the objective function. Defaults to \code{1000}.}
| ^
Flavors: r-devel-linux-x86_64-debian-clang, r-devel-linux-x86_64-debian-gcc, r-devel-linux-x86_64-fedora-clang, r-devel-linux-x86_64-fedora-gcc, r-devel-windows-x86_64, r-patched-linux-x86_64, r-release-linux-x86_64, r-release-macos-arm64, r-release-macos-x86_64, r-release-windows-x86_64