Last updated on 2024-07-12 02:51:08 CEST.
Flavor | Version | Tinstall | Tcheck | Ttotal | Status | Flags |
---|---|---|---|---|---|---|
r-devel-linux-x86_64-debian-clang | 0.4.1 | 16.86 | 55.62 | 72.48 | OK | |
r-devel-linux-x86_64-debian-gcc | 0.4.1 | 13.05 | 43.66 | 56.71 | OK | |
r-devel-linux-x86_64-fedora-clang | 0.4.1 | 93.09 | NOTE | |||
r-devel-linux-x86_64-fedora-gcc | 0.4.1 | 104.53 | NOTE | |||
r-devel-windows-x86_64 | 0.4.1 | 15.00 | 65.00 | 80.00 | OK | |
r-patched-linux-x86_64 | 0.4.1 | 10.56 | 52.66 | 63.22 | OK | |
r-release-linux-x86_64 | 0.4.1 | 10.44 | 53.59 | 64.03 | OK | |
r-release-macos-arm64 | 0.4.1 | 38.00 | OK | |||
r-release-macos-x86_64 | 0.4.1 | 60.00 | OK | |||
r-release-windows-x86_64 | 0.4.1 | 15.00 | 64.00 | 79.00 | OK | |
r-oldrel-macos-arm64 | 0.4.1 | 44.00 | OK | |||
r-oldrel-macos-x86_64 | 0.4.1 | 66.00 | OK | |||
r-oldrel-windows-x86_64 | 0.4.1 | 21.00 | 67.00 | 88.00 | OK |
Version: 0.4.1
Check: dependencies in R code
Result: NOTE
Namespace in Imports field not imported from: ‘devtools’
All declared Imports should be used.
Flavors: r-devel-linux-x86_64-fedora-clang, r-devel-linux-x86_64-fedora-gcc