Last updated on 2024-08-16 03:49:20 CEST.
Flavor | Version | Tinstall | Tcheck | Ttotal | Status | Flags |
---|---|---|---|---|---|---|
r-devel-linux-x86_64-debian-clang | 0.17.0 | 17.20 | 152.58 | 169.78 | NOTE | |
r-devel-linux-x86_64-debian-gcc | 0.17.0 | 13.31 | 120.43 | 133.74 | NOTE | |
r-devel-linux-x86_64-fedora-clang | 0.17.0 | 253.89 | OK | |||
r-devel-linux-x86_64-fedora-gcc | 0.17.0 | 251.93 | OK | |||
r-devel-windows-x86_64 | 0.17.0 | 18.00 | 5.00 | 23.00 | ERROR | |
r-patched-linux-x86_64 | 0.17.0 | 22.09 | 142.04 | 164.13 | OK | |
r-release-linux-x86_64 | 0.17.0 | 16.45 | 142.70 | 159.15 | OK | |
r-release-macos-arm64 | 0.17.0 | 97.00 | OK | |||
r-release-macos-x86_64 | 0.17.0 | 160.00 | OK | |||
r-release-windows-x86_64 | 0.17.0 | 26.00 | 14.00 | 40.00 | ERROR | |
r-oldrel-macos-arm64 | 0.17.0 | 110.00 | OK | |||
r-oldrel-macos-x86_64 | 0.17.0 | 204.00 | OK | |||
r-oldrel-windows-x86_64 | 0.17.0 | 22.00 | 12.00 | 34.00 | ERROR |
Version: 0.17.0
Check: Rd cross-references
Result: NOTE
Found the following Rd file(s) with Rd \link{} targets missing package
anchors:
gf_model.Rd: gf_lm, gf_hline, gf_segment
penguins.Rd: palmerpenguins
theme_coursekata.Rd: theme_bw
Please provide package anchors for all Rd \link{} targets not in the
package itself and the base packages.
Flavors: r-devel-linux-x86_64-debian-clang, r-devel-linux-x86_64-debian-gcc
Version: 0.17.0
Check: whether package can be installed
Result: ERROR
Installation failed.
Flavors: r-devel-windows-x86_64, r-release-windows-x86_64, r-oldrel-windows-x86_64