Last updated on 2024-07-12 02:51:08 CEST.
Flavor | Version | Tinstall | Tcheck | Ttotal | Status | Flags |
---|---|---|---|---|---|---|
r-devel-linux-x86_64-debian-clang | 2023.05.18 | 12.02 | 51.72 | 63.74 | OK | |
r-devel-linux-x86_64-debian-gcc | 2023.05.18 | 8.83 | 40.32 | 49.15 | OK | |
r-devel-linux-x86_64-fedora-clang | 2023.05.18 | 83.66 | NOTE | |||
r-devel-linux-x86_64-fedora-gcc | 2023.05.18 | 92.86 | NOTE | |||
r-devel-windows-x86_64 | 2023.05.18 | 10.00 | 61.00 | 71.00 | OK | |
r-patched-linux-x86_64 | 2023.05.18 | 10.16 | 51.19 | 61.35 | OK | |
r-release-linux-x86_64 | 2023.05.18 | 9.30 | 49.44 | 58.74 | OK | |
r-release-macos-arm64 | 2023.05.18 | 33.00 | OK | |||
r-release-macos-x86_64 | 2023.05.18 | 52.00 | OK | |||
r-release-windows-x86_64 | 2023.05.18 | 10.00 | 62.00 | 72.00 | OK | |
r-oldrel-macos-arm64 | 2023.05.18 | 37.00 | OK | |||
r-oldrel-macos-x86_64 | 2023.05.18 | 98.00 | OK | |||
r-oldrel-windows-x86_64 | 2023.05.18 | 11.00 | 65.00 | 76.00 | OK |
Version: 2023.05.18
Check: data for non-ASCII characters
Result: NOTE
Note: found 213180 marked UTF-8 strings
Flavors: r-devel-linux-x86_64-fedora-clang, r-devel-linux-x86_64-fedora-gcc