Last updated on 2024-08-16 15:49:29 CEST.
Flavor | Version | Tinstall | Tcheck | Ttotal | Status | Flags |
---|---|---|---|---|---|---|
r-devel-linux-x86_64-debian-clang | 2.3.0 | 94.85 | 53.11 | 147.96 | NOTE | |
r-devel-linux-x86_64-debian-gcc | 2.3.0 | 66.73 | 36.55 | 103.28 | NOTE | |
r-devel-linux-x86_64-fedora-clang | 2.3.0 | 273.29 | NOTE | |||
r-devel-linux-x86_64-fedora-gcc | 2.3.0 | 283.50 | NOTE | |||
r-devel-windows-x86_64 | 2.3.0 | 100.00 | 89.00 | 189.00 | NOTE | --no-vignettes |
r-patched-linux-x86_64 | 2.3.0 | 92.27 | 49.27 | 141.54 | NOTE | |
r-release-linux-x86_64 | 2.3.0 | 93.70 | 48.86 | 142.56 | NOTE | |
r-release-macos-arm64 | 2.3.0 | 64.00 | NOTE | |||
r-release-macos-x86_64 | 2.3.0 | 71.00 | NOTE | |||
r-release-windows-x86_64 | 2.3.0 | 103.00 | 106.00 | 209.00 | NOTE | --no-vignettes |
r-oldrel-macos-arm64 | 2.3.0 | 77.00 | NOTE | |||
r-oldrel-macos-x86_64 | 2.3.0 | 125.00 | NOTE | |||
r-oldrel-windows-x86_64 | 2.3.0 | 122.00 | 112.00 | 234.00 | OK | --no-vignettes |
Version: 2.3.0
Check: Rd files
Result: NOTE
checkRd: (-1) crwPredict.Rd:54-68: Lost braces
54 | \item("predTime"){
| ^
checkRd: (-1) crwPredict.Rd:59: Lost braces
59 | no longer the default (see \item{return.type}). If the original data were
| ^
Flavors: r-devel-linux-x86_64-debian-clang, r-devel-linux-x86_64-debian-gcc, r-devel-linux-x86_64-fedora-clang, r-devel-linux-x86_64-fedora-gcc, r-patched-linux-x86_64, r-release-linux-x86_64, r-release-macos-arm64, r-release-macos-x86_64
Version: 2.3.0
Flags: --no-vignettes
Check: Rd files
Result: NOTE
checkRd: (-1) crwPredict.Rd:54-68: Lost braces
54 | \item("predTime"){
| ^
checkRd: (-1) crwPredict.Rd:59: Lost braces
59 | no longer the default (see \item{return.type}). If the original data were
| ^
Flavors: r-devel-windows-x86_64, r-release-windows-x86_64
Version: 2.3.0
Check: installed package size
Result: NOTE
installed size is 6.0Mb
sub-directories of 1Mb or more:
libs 5.2Mb
Flavors: r-release-macos-arm64, r-release-macos-x86_64, r-oldrel-macos-arm64, r-oldrel-macos-x86_64