Last updated on 2024-07-12 02:51:08 CEST.
Flavor | Version | Tinstall | Tcheck | Ttotal | Status | Flags |
---|---|---|---|---|---|---|
r-devel-linux-x86_64-debian-clang | 0.1.6 | 4.65 | 195.04 | 199.69 | OK | |
r-devel-linux-x86_64-debian-gcc | 0.1.6 | 4.10 | 132.75 | 136.85 | OK | |
r-devel-linux-x86_64-fedora-clang | 0.1.6 | 235.68 | NOTE | |||
r-devel-linux-x86_64-fedora-gcc | 0.1.6 | 247.78 | OK | |||
r-devel-windows-x86_64 | 0.1.6 | 6.00 | 287.00 | 293.00 | OK | |
r-patched-linux-x86_64 | 0.1.6 | 4.29 | 184.56 | 188.85 | OK | |
r-release-linux-x86_64 | 0.1.6 | 3.32 | 185.00 | 188.32 | OK | |
r-release-macos-arm64 | 0.1.6 | 65.00 | OK | |||
r-release-macos-x86_64 | 0.1.6 | 206.00 | OK | |||
r-release-windows-x86_64 | 0.1.6 | 6.00 | 260.00 | 266.00 | OK | |
r-oldrel-macos-arm64 | 0.1.6 | 102.00 | OK | |||
r-oldrel-macos-x86_64 | 0.1.6 | 221.00 | OK | |||
r-oldrel-windows-x86_64 | 0.1.6 | 7.00 | 279.00 | 286.00 | OK |
Version: 0.1.6
Check: Rd cross-references
Result: NOTE
Undeclared package ‘dfcrm’ in Rd xrefs
Flavor: r-devel-linux-x86_64-fedora-clang