Last updated on 2024-07-12 02:51:08 CEST.
Flavor | Version | Tinstall | Tcheck | Ttotal | Status | Flags |
---|---|---|---|---|---|---|
r-devel-linux-x86_64-debian-clang | 0.4.1 | 26.00 | 109.69 | 135.69 | NOTE | |
r-devel-linux-x86_64-debian-gcc | 0.4.1 | 16.20 | 74.96 | 91.16 | NOTE | |
r-devel-linux-x86_64-fedora-clang | 0.4.1 | 169.79 | NOTE | |||
r-devel-linux-x86_64-fedora-gcc | 0.4.1 | 171.55 | NOTE | |||
r-devel-windows-x86_64 | 0.4.1 | 20.00 | 105.00 | 125.00 | NOTE | |
r-patched-linux-x86_64 | 0.4.1 | 19.75 | 100.49 | 120.24 | NOTE | |
r-release-linux-x86_64 | 0.4.1 | 19.29 | 102.00 | 121.29 | NOTE | |
r-release-macos-arm64 | 0.4.1 | 48.00 | NOTE | |||
r-release-macos-x86_64 | 0.4.1 | 72.00 | NOTE | |||
r-release-windows-x86_64 | 0.4.1 | 19.00 | 107.00 | 126.00 | NOTE | |
r-oldrel-macos-arm64 | 0.4.1 | 52.00 | NOTE | |||
r-oldrel-macos-x86_64 | 0.4.1 | 84.00 | NOTE | |||
r-oldrel-windows-x86_64 | 0.4.1 | 19.00 | 124.00 | 143.00 | NOTE |
Version: 0.4.1
Check: C++ specification
Result: NOTE
Specified C++11: please drop specification unless essential
Flavors: r-devel-linux-x86_64-debian-clang, r-devel-linux-x86_64-debian-gcc, r-devel-linux-x86_64-fedora-clang, r-devel-linux-x86_64-fedora-gcc, r-devel-windows-x86_64, r-patched-linux-x86_64, r-release-linux-x86_64, r-release-macos-arm64, r-release-macos-x86_64, r-release-windows-x86_64, r-oldrel-macos-arm64, r-oldrel-macos-x86_64, r-oldrel-windows-x86_64