Last updated on 2024-08-16 15:49:29 CEST.
Flavor | Version | Tinstall | Tcheck | Ttotal | Status | Flags |
---|---|---|---|---|---|---|
r-devel-linux-x86_64-debian-clang | 1.1.2 | 28.83 | 282.26 | 311.09 | NOTE | |
r-devel-linux-x86_64-debian-gcc | 1.1.2 | 19.60 | 187.36 | 206.96 | NOTE | |
r-devel-linux-x86_64-fedora-clang | 1.1.2 | 526.94 | NOTE | |||
r-devel-linux-x86_64-fedora-gcc | 1.1.2 | 495.64 | NOTE | |||
r-devel-windows-x86_64 | 1.1.2 | 36.00 | 326.00 | 362.00 | NOTE | |
r-patched-linux-x86_64 | 1.1.2 | 29.89 | 264.17 | 294.06 | NOTE | |
r-release-linux-x86_64 | 1.1.2 | 30.28 | 269.96 | 300.24 | NOTE | |
r-release-macos-arm64 | 1.1.2 | 156.00 | NOTE | |||
r-release-macos-x86_64 | 1.1.2 | 250.00 | NOTE | |||
r-release-windows-x86_64 | 1.1.2 | 40.00 | 326.00 | 366.00 | NOTE | |
r-oldrel-macos-arm64 | 1.1.2 | 176.00 | NOTE | |||
r-oldrel-macos-x86_64 | 1.1.2 | 317.00 | NOTE | |||
r-oldrel-windows-x86_64 | 1.1.2 | 46.00 | 446.00 | 492.00 | NOTE |
Version: 1.1.2
Check: package subdirectories
Result: NOTE
Problems with news in ‘NEWS.md’:
Cannot extract version info from the following section titles:
Misc
Flavors: r-devel-linux-x86_64-debian-clang, r-devel-linux-x86_64-debian-gcc, r-devel-linux-x86_64-fedora-clang, r-devel-linux-x86_64-fedora-gcc, r-devel-windows-x86_64, r-patched-linux-x86_64, r-release-linux-x86_64, r-release-macos-arm64, r-release-macos-x86_64, r-release-windows-x86_64, r-oldrel-macos-arm64, r-oldrel-macos-x86_64, r-oldrel-windows-x86_64
Version: 1.1.2
Check: Rd files
Result: NOTE
checkRd: (-1) abs_d_ppv_npv.Rd:27: Escaped LaTeX specials: \_ \_ \_
Flavors: r-devel-linux-x86_64-debian-clang, r-devel-linux-x86_64-debian-gcc, r-devel-linux-x86_64-fedora-clang, r-devel-linux-x86_64-fedora-gcc, r-devel-windows-x86_64, r-patched-linux-x86_64, r-release-linux-x86_64, r-release-macos-arm64, r-release-macos-x86_64, r-release-windows-x86_64, r-oldrel-macos-arm64, r-oldrel-macos-x86_64, r-oldrel-windows-x86_64