Last updated on 2024-08-16 15:49:29 CEST.
Flavor | Version | Tinstall | Tcheck | Ttotal | Status | Flags |
---|---|---|---|---|---|---|
r-devel-linux-x86_64-debian-clang | 1.15.2 | 6.59 | 166.36 | 172.95 | NOTE | |
r-devel-linux-x86_64-debian-gcc | 1.15.2 | 4.90 | 112.68 | 117.58 | NOTE | |
r-devel-linux-x86_64-fedora-clang | 1.15.2 | 277.22 | NOTE | |||
r-devel-linux-x86_64-fedora-gcc | 1.15.2 | 284.40 | NOTE | |||
r-devel-windows-x86_64 | 1.15.2 | 10.00 | 264.00 | 274.00 | NOTE | |
r-patched-linux-x86_64 | 1.15.2 | 8.45 | 154.86 | 163.31 | NOTE | |
r-release-linux-x86_64 | 1.15.2 | 5.74 | 159.11 | 164.85 | NOTE | |
r-release-macos-arm64 | 1.15.2 | 83.00 | NOTE | |||
r-release-macos-x86_64 | 1.15.2 | 183.00 | NOTE | |||
r-release-windows-x86_64 | 1.15.2 | 10.00 | 242.00 | 252.00 | NOTE | |
r-oldrel-macos-arm64 | 1.15.2 | 91.00 | OK | |||
r-oldrel-macos-x86_64 | 1.15.2 | 196.00 | OK | |||
r-oldrel-windows-x86_64 | 1.15.2 | 13.00 | 303.00 | 316.00 | OK |
Version: 1.15.2
Check: Rd files
Result: NOTE
checkRd: (-1) plot.ddpcr_plate.Rd:136-137: Lost braces in \itemize; meant \describe ?
checkRd: (-1) plot.ddpcr_plate.Rd:138-139: Lost braces in \itemize; meant \describe ?
checkRd: (-1) plot.ddpcr_plate.Rd:140-141: Lost braces in \itemize; meant \describe ?
Flavors: r-devel-linux-x86_64-debian-clang, r-devel-linux-x86_64-debian-gcc, r-devel-linux-x86_64-fedora-clang, r-devel-linux-x86_64-fedora-gcc, r-devel-windows-x86_64, r-patched-linux-x86_64, r-release-linux-x86_64, r-release-macos-arm64, r-release-macos-x86_64, r-release-windows-x86_64
Version: 1.15.2
Check: dependencies in R code
Result: NOTE
Namespace in Imports field not imported from: ‘shinydisconnect’
All declared Imports should be used.
Flavors: r-devel-linux-x86_64-fedora-clang, r-devel-linux-x86_64-fedora-gcc