Last updated on 2024-08-16 15:49:29 CEST.
Flavor | Version | Tinstall | Tcheck | Ttotal | Status | Flags |
---|---|---|---|---|---|---|
r-devel-linux-x86_64-debian-clang | 1.0.0 | 111.16 | 63.01 | 174.17 | OK | |
r-devel-linux-x86_64-debian-gcc | 1.0.0 | 77.54 | 47.81 | 125.35 | OK | |
r-devel-linux-x86_64-fedora-clang | 1.0.0 | 336.35 | NOTE | |||
r-devel-linux-x86_64-fedora-gcc | 1.0.0 | 357.66 | OK | |||
r-devel-windows-x86_64 | 1.0.0 | 115.00 | 104.00 | 219.00 | NOTE | |
r-patched-linux-x86_64 | 1.0.0 | 111.71 | 61.81 | 173.52 | OK | |
r-release-linux-x86_64 | 1.0.0 | 110.71 | 62.69 | 173.40 | OK | |
r-release-macos-arm64 | 1.0.0 | 97.00 | NOTE | |||
r-release-macos-x86_64 | 1.0.0 | 176.00 | NOTE | |||
r-release-windows-x86_64 | 1.0.0 | 120.00 | 105.00 | 225.00 | NOTE | |
r-oldrel-macos-arm64 | 1.0.0 | 102.00 | NOTE | |||
r-oldrel-macos-x86_64 | 1.0.0 | 141.00 | NOTE | |||
r-oldrel-windows-x86_64 | 1.0.0 | 147.00 | 125.00 | 272.00 | NOTE |
Version: 1.0.0
Check: installed package size
Result: NOTE
installed size is 6.1Mb
sub-directories of 1Mb or more:
doc 2.4Mb
help 2.2Mb
libs 1.4Mb
Flavors: r-devel-linux-x86_64-fedora-clang, r-devel-windows-x86_64, r-release-macos-arm64, r-release-macos-x86_64, r-release-windows-x86_64, r-oldrel-macos-arm64, r-oldrel-macos-x86_64, r-oldrel-windows-x86_64