Last updated on 2024-08-16 03:49:21 CEST.
Flavor | Version | Tinstall | Tcheck | Ttotal | Status | Flags |
---|---|---|---|---|---|---|
r-devel-linux-x86_64-debian-clang | 2.4.5 | 8.35 | 97.44 | 105.79 | NOTE | |
r-devel-linux-x86_64-debian-gcc | 2.4.5 | 5.74 | 69.29 | 75.03 | NOTE | |
r-devel-linux-x86_64-fedora-clang | 2.4.5 | 173.93 | OK | |||
r-devel-linux-x86_64-fedora-gcc | 2.4.5 | 192.33 | OK | |||
r-devel-windows-x86_64 | 2.4.5 | 10.00 | 129.00 | 139.00 | NOTE | |
r-patched-linux-x86_64 | 2.4.5 | 15.34 | 91.64 | 106.98 | OK | |
r-release-linux-x86_64 | 2.4.5 | 8.61 | 90.47 | 99.08 | OK | |
r-release-macos-arm64 | 2.4.5 | 90.00 | OK | |||
r-release-macos-x86_64 | 2.4.5 | 131.00 | OK | |||
r-release-windows-x86_64 | 2.4.5 | 10.00 | 131.00 | 141.00 | OK | |
r-oldrel-macos-arm64 | 2.4.5 | 73.00 | OK | |||
r-oldrel-macos-x86_64 | 2.4.5 | 120.00 | OK | |||
r-oldrel-windows-x86_64 | 2.4.5 | 13.00 | 149.00 | 162.00 | OK |
Version: 2.4.5
Check: Rd cross-references
Result: NOTE
Found the following Rd file(s) with Rd \link{} targets missing package
anchors:
check.Rd: compiler_flags
remote-reexports.Rd: ellipsis
Please provide package anchors for all Rd \link{} targets not in the
package itself and the base packages.
Flavors: r-devel-linux-x86_64-debian-clang, r-devel-linux-x86_64-debian-gcc, r-devel-windows-x86_64