Last updated on 2024-04-28 02:53:45 CEST.
Flavor | Version | Tinstall | Tcheck | Ttotal | Status | Flags |
---|---|---|---|---|---|---|
r-devel-linux-x86_64-debian-clang | 0.1.0 | 20.37 | 122.33 | 142.70 | OK | |
r-devel-linux-x86_64-debian-gcc | 0.1.0 | 18.43 | 90.33 | 108.76 | OK | |
r-devel-linux-x86_64-fedora-clang | 0.1.0 | 178.58 | NOTE | |||
r-devel-linux-x86_64-fedora-gcc | 0.1.0 | 170.61 | NOTE | |||
r-devel-windows-x86_64 | 0.1.0 | 20.00 | 104.00 | 124.00 | OK | |
r-patched-linux-x86_64 | 0.1.0 | 14.17 | 113.35 | 127.52 | OK | |
r-release-linux-x86_64 | 0.1.0 | 19.05 | 118.43 | 137.48 | OK | |
r-release-macos-arm64 | 0.1.0 | 53.00 | OK | |||
r-release-windows-x86_64 | 0.1.0 | 20.00 | 103.00 | 123.00 | OK | |
r-oldrel-macos-arm64 | 0.1.0 | 56.00 | OK | |||
r-oldrel-macos-x86_64 | 0.1.0 | 89.00 | OK | |||
r-oldrel-windows-x86_64 | 0.1.0 | 27.00 | 128.00 | 155.00 | OK |
Version: 0.1.0
Check: data for non-ASCII characters
Result: NOTE
Note: found 8014 marked UTF-8 strings
Flavors: r-devel-linux-x86_64-fedora-clang, r-devel-linux-x86_64-fedora-gcc