Last updated on 2024-08-16 15:49:30 CEST.
Flavor | Version | Tinstall | Tcheck | Ttotal | Status | Flags |
---|---|---|---|---|---|---|
r-devel-linux-x86_64-debian-clang | 0.3.1 | 7.75 | 52.60 | 60.35 | OK | |
r-devel-linux-x86_64-debian-gcc | 0.3.1 | 6.00 | 37.66 | 43.66 | OK | |
r-devel-linux-x86_64-fedora-clang | 0.3.1 | 97.89 | NOTE | |||
r-devel-linux-x86_64-fedora-gcc | 0.3.1 | 92.71 | NOTE | |||
r-devel-windows-x86_64 | 0.3.1 | 9.00 | 70.00 | 79.00 | OK | |
r-patched-linux-x86_64 | 0.3.1 | 7.97 | 49.86 | 57.83 | OK | |
r-release-linux-x86_64 | 0.3.1 | 7.86 | 50.28 | 58.14 | OK | |
r-release-macos-arm64 | 0.3.1 | 29.00 | OK | |||
r-release-macos-x86_64 | 0.3.1 | 45.00 | OK | |||
r-release-windows-x86_64 | 0.3.1 | 9.00 | 69.00 | 78.00 | OK | |
r-oldrel-macos-arm64 | 0.3.1 | 30.00 | OK | |||
r-oldrel-macos-x86_64 | 0.3.1 | 55.00 | OK | |||
r-oldrel-windows-x86_64 | 0.3.1 | 11.00 | 81.00 | 92.00 | OK |
Version: 0.3.1
Check: dependencies in R code
Result: NOTE
Namespaces in Imports field not imported from:
‘gridExtra’ ‘plotly’ ‘pryr’ ‘rpart’
All declared Imports should be used.
Flavors: r-devel-linux-x86_64-fedora-clang, r-devel-linux-x86_64-fedora-gcc