Last updated on 2024-08-16 15:49:30 CEST.
Flavor | Version | Tinstall | Tcheck | Ttotal | Status | Flags |
---|---|---|---|---|---|---|
r-devel-linux-x86_64-debian-clang | 1.0.0 | 401.28 | 115.21 | 516.49 | OK | |
r-devel-linux-x86_64-debian-gcc | 1.0.0 | 315.78 | 104.37 | 420.15 | OK | |
r-devel-linux-x86_64-fedora-clang | 1.0.0 | 837.44 | NOTE | |||
r-devel-linux-x86_64-fedora-gcc | 1.0.0 | 1086.78 | OK | |||
r-devel-windows-x86_64 | 1.0.0 | 369.00 | 168.00 | 537.00 | NOTE | |
r-patched-linux-x86_64 | 1.0.0 | 437.00 | 138.74 | 575.74 | OK | |
r-release-linux-x86_64 | 1.0.0 | 442.00 | 142.28 | 584.28 | OK | |
r-release-macos-arm64 | 1.0.0 | 211.00 | NOTE | |||
r-release-macos-x86_64 | 1.0.0 | 235.00 | NOTE | |||
r-release-windows-x86_64 | 1.0.0 | 379.00 | 167.00 | 546.00 | NOTE | |
r-oldrel-macos-arm64 | 1.0.0 | 216.00 | NOTE | |||
r-oldrel-macos-x86_64 | 1.0.0 | 283.00 | NOTE | |||
r-oldrel-windows-x86_64 | 1.0.0 | 443.00 | 212.00 | 655.00 | NOTE |
Version: 1.0.0
Check: installed package size
Result: NOTE
installed size is 7.0Mb
sub-directories of 1Mb or more:
data 2.8Mb
libs 3.4Mb
Flavors: r-devel-linux-x86_64-fedora-clang, r-devel-windows-x86_64, r-release-macos-arm64, r-release-macos-x86_64, r-release-windows-x86_64, r-oldrel-macos-arm64, r-oldrel-macos-x86_64, r-oldrel-windows-x86_64