Last updated on 2024-08-16 15:49:30 CEST.
Flavor | Version | Tinstall | Tcheck | Ttotal | Status | Flags |
---|---|---|---|---|---|---|
r-devel-linux-x86_64-debian-clang | 2.4.7 | 8.57 | 104.93 | 113.50 | NOTE | |
r-devel-linux-x86_64-debian-gcc | 2.4.7 | 6.60 | 75.91 | 82.51 | NOTE | |
r-devel-linux-x86_64-fedora-clang | 2.4.7 | 177.92 | OK | |||
r-devel-linux-x86_64-fedora-gcc | 2.4.7 | 181.97 | OK | |||
r-devel-windows-x86_64 | 2.4.7 | 9.00 | 195.00 | 204.00 | NOTE | |
r-patched-linux-x86_64 | 2.4.7 | 9.33 | 97.75 | 107.08 | OK | |
r-release-linux-x86_64 | 2.4.7 | 8.50 | 98.30 | 106.80 | OK | |
r-release-macos-arm64 | 2.4.7 | 66.00 | OK | |||
r-release-macos-x86_64 | 2.4.7 | 160.00 | OK | |||
r-release-windows-x86_64 | 2.4.7 | 10.00 | 191.00 | 201.00 | OK | |
r-oldrel-macos-arm64 | 2.4.7 | 76.00 | OK | |||
r-oldrel-macos-x86_64 | 2.4.7 | 114.00 | OK | |||
r-oldrel-windows-x86_64 | 2.4.7 | 12.00 | 192.00 | 204.00 | OK |
Version: 2.4.7
Check: Rd cross-references
Result: NOTE
Found the following Rd file(s) with Rd \link{} targets missing package
anchors:
cr.Rd: smooth.construct.cr.smooth.spec
ps.Rd: smooth.construct.ps.smooth.spec
smooth.construct.cb.smooth.spec.Rd: smooth.construct.ps.smooth.spec,
smooth.construct.cr.smooth.spec,
smooth.construct.tensor.smooth.spec
Please provide package anchors for all Rd \link{} targets not in the
package itself and the base packages.
Flavors: r-devel-linux-x86_64-debian-clang, r-devel-linux-x86_64-debian-gcc, r-devel-windows-x86_64