Last updated on 2024-08-16 15:49:30 CEST.
Flavor | Version | Tinstall | Tcheck | Ttotal | Status | Flags |
---|---|---|---|---|---|---|
r-devel-linux-x86_64-debian-clang | 1.0.10 | 15.99 | 342.11 | 358.10 | NOTE | |
r-devel-linux-x86_64-debian-gcc | 1.0.10 | 9.69 | 227.02 | 236.71 | NOTE | |
r-devel-linux-x86_64-fedora-clang | 1.0.10 | 565.10 | OK | |||
r-devel-linux-x86_64-fedora-gcc | 1.0.10 | 543.68 | OK | |||
r-devel-windows-x86_64 | 1.0.10 | 22.00 | 263.00 | 285.00 | NOTE | |
r-patched-linux-x86_64 | 1.0.10 | 22.40 | 314.37 | 336.77 | OK | |
r-release-linux-x86_64 | 1.0.10 | 14.96 | 321.59 | 336.55 | OK | |
r-release-macos-arm64 | 1.0.10 | 141.00 | OK | |||
r-release-macos-x86_64 | 1.0.10 | 240.00 | OK | |||
r-release-windows-x86_64 | 1.0.10 | 21.00 | 260.00 | 281.00 | OK | |
r-oldrel-macos-arm64 | 1.0.10 | 149.00 | OK | |||
r-oldrel-macos-x86_64 | 1.0.10 | 307.00 | OK | |||
r-oldrel-windows-x86_64 | 1.0.10 | 26.00 | 336.00 | 362.00 | OK |
Version: 1.0.10
Check: Rd cross-references
Result: NOTE
Found the following Rd file(s) with Rd \link{} targets missing package
anchors:
dm_examine_cardinalities.Rd: as_tibble
dm_examine_constraints.Rd: as_tibble
dm_from_con.Rd: src
dm_zoom_to.Rd: nest_join
json_nest.Rd: tidyr_tidy_select
json_pack.Rd: tidyr_tidy_select
Please provide package anchors for all Rd \link{} targets not in the
package itself and the base packages.
Flavors: r-devel-linux-x86_64-debian-clang, r-devel-linux-x86_64-debian-gcc, r-devel-windows-x86_64