Last updated on 2024-08-16 15:49:30 CEST.
Flavor | Version | Tinstall | Tcheck | Ttotal | Status | Flags |
---|---|---|---|---|---|---|
r-devel-linux-x86_64-debian-clang | 0.2.6 | 3.45 | 48.75 | 52.20 | NOTE | |
r-devel-linux-x86_64-debian-gcc | 0.2.6 | 2.56 | 35.01 | 37.57 | NOTE | |
r-devel-linux-x86_64-fedora-clang | 0.2.6 | 83.85 | NOTE | |||
r-devel-linux-x86_64-fedora-gcc | 0.2.6 | 92.60 | NOTE | |||
r-devel-windows-x86_64 | 0.2.6 | 5.00 | 70.00 | 75.00 | NOTE | |
r-patched-linux-x86_64 | 0.2.6 | 3.41 | 45.15 | 48.56 | NOTE | |
r-release-linux-x86_64 | 0.2.6 | 3.26 | 46.37 | 49.63 | NOTE | |
r-release-macos-arm64 | 0.2.6 | 38.00 | NOTE | |||
r-release-macos-x86_64 | 0.2.6 | 70.00 | NOTE | |||
r-release-windows-x86_64 | 0.2.6 | 6.00 | 70.00 | 76.00 | NOTE | |
r-oldrel-macos-arm64 | 0.2.6 | 40.00 | NOTE | |||
r-oldrel-macos-x86_64 | 0.2.6 | 55.00 | NOTE | |||
r-oldrel-windows-x86_64 | 0.2.6 | 6.00 | 80.00 | 86.00 | NOTE |
Version: 0.2.6
Check: LazyData
Result: NOTE
'LazyData' is specified without a 'data' directory
Flavors: r-devel-linux-x86_64-debian-clang, r-devel-linux-x86_64-debian-gcc, r-devel-linux-x86_64-fedora-clang, r-devel-linux-x86_64-fedora-gcc, r-devel-windows-x86_64, r-patched-linux-x86_64, r-release-linux-x86_64, r-release-macos-arm64, r-release-macos-x86_64, r-release-windows-x86_64, r-oldrel-macos-arm64, r-oldrel-macos-x86_64, r-oldrel-windows-x86_64