Last updated on 2024-07-12 02:51:09 CEST.
Flavor | Version | Tinstall | Tcheck | Ttotal | Status | Flags |
---|---|---|---|---|---|---|
r-devel-linux-x86_64-debian-clang | 0.2.1 | 2.58 | 44.46 | 47.04 | OK | |
r-devel-linux-x86_64-debian-gcc | 0.2.1 | 1.91 | 31.52 | 33.43 | OK | |
r-devel-linux-x86_64-fedora-clang | 0.2.1 | 56.41 | NOTE | |||
r-devel-linux-x86_64-fedora-gcc | 0.2.1 | 53.30 | OK | |||
r-devel-windows-x86_64 | 0.2.1 | 4.00 | 52.00 | 56.00 | OK | |
r-patched-linux-x86_64 | 0.2.1 | 2.32 | 43.03 | 45.35 | OK | |
r-release-linux-x86_64 | 0.2.1 | 2.38 | 42.25 | 44.63 | OK | |
r-release-macos-arm64 | 0.2.1 | 21.00 | OK | |||
r-release-macos-x86_64 | 0.2.1 | 29.00 | OK | |||
r-release-windows-x86_64 | 0.2.1 | 3.00 | 52.00 | 55.00 | OK | |
r-oldrel-macos-arm64 | 0.2.1 | 22.00 | OK | |||
r-oldrel-macos-x86_64 | 0.2.1 | 32.00 | OK | |||
r-oldrel-windows-x86_64 | 0.2.1 | 3.00 | 57.00 | 60.00 | OK |
Version: 0.2.1
Check: Rd cross-references
Result: NOTE
Undeclared package ‘tibble’ in Rd xrefs
Flavor: r-devel-linux-x86_64-fedora-clang