Last updated on 2024-06-26 15:54:44 CEST.
Flavor | Version | Tinstall | Tcheck | Ttotal | Status | Flags |
---|---|---|---|---|---|---|
r-devel-linux-x86_64-debian-clang | 0.1.3 | OK | ||||
r-devel-linux-x86_64-debian-gcc | 0.1.3 | 41.41 | 316.59 | 358.00 | OK | |
r-devel-linux-x86_64-fedora-clang | 0.1.3 | 601.94 | NOTE | |||
r-devel-linux-x86_64-fedora-gcc | 0.1.3 | 640.31 | NOTE | |||
r-devel-windows-x86_64 | 0.1.3 | 37.00 | 284.00 | 321.00 | OK | |
r-patched-linux-x86_64 | 0.1.3 | 34.20 | 425.91 | 460.11 | OK | |
r-release-linux-x86_64 | 0.1.3 | 34.45 | 428.63 | 463.08 | OK | |
r-release-macos-arm64 | 0.1.3 | 147.00 | OK | |||
r-release-macos-x86_64 | 0.1.3 | 213.00 | OK | |||
r-release-windows-x86_64 | 0.1.3 | 39.00 | 284.00 | 323.00 | OK | |
r-oldrel-macos-arm64 | 0.1.3 | 130.00 | OK | |||
r-oldrel-macos-x86_64 | 0.1.3 | 364.00 | OK | |||
r-oldrel-windows-x86_64 | 0.1.3 | 50.00 | 382.00 | 432.00 | OK |
Version: 0.1.3
Check: data for non-ASCII characters
Result: NOTE
Note: found 1281 marked UTF-8 strings
Flavors: r-devel-linux-x86_64-fedora-clang, r-devel-linux-x86_64-fedora-gcc