Last updated on 2024-07-12 02:51:09 CEST.
Flavor | Version | Tinstall | Tcheck | Ttotal | Status | Flags |
---|---|---|---|---|---|---|
r-devel-linux-x86_64-debian-clang | 1.0.3 | 8.89 | 208.62 | 217.51 | OK | |
r-devel-linux-x86_64-debian-gcc | 1.0.3 | 8.13 | 155.95 | 164.08 | OK | |
r-devel-linux-x86_64-fedora-clang | 1.0.3 | 296.00 | NOTE | |||
r-devel-linux-x86_64-fedora-gcc | 1.0.3 | 280.62 | NOTE | |||
r-devel-windows-x86_64 | 1.0.3 | 14.00 | 311.00 | 325.00 | OK | |
r-patched-linux-x86_64 | 1.0.3 | 8.23 | 205.27 | 213.50 | OK | |
r-release-linux-x86_64 | 1.0.3 | 10.01 | 206.50 | 216.51 | OK | |
r-release-macos-arm64 | 1.0.3 | 87.00 | OK | |||
r-release-macos-x86_64 | 1.0.3 | 144.00 | OK | |||
r-release-windows-x86_64 | 1.0.3 | 14.00 | 307.00 | 321.00 | OK | |
r-oldrel-macos-arm64 | 1.0.3 | 98.00 | OK | |||
r-oldrel-macos-x86_64 | 1.0.3 | 308.00 | OK | |||
r-oldrel-windows-x86_64 | 1.0.3 | 16.00 | 295.00 | 311.00 | OK |
Version: 1.0.3
Check: dependencies in R code
Result: NOTE
Namespace in Imports field not imported from: ‘snow’
All declared Imports should be used.
Flavors: r-devel-linux-x86_64-fedora-clang, r-devel-linux-x86_64-fedora-gcc