Last updated on 2024-08-16 15:49:30 CEST.
Flavor | Version | Tinstall | Tcheck | Ttotal | Status | Flags |
---|---|---|---|---|---|---|
r-devel-linux-x86_64-debian-clang | 1.1.4 | 14.89 | 176.62 | 191.51 | NOTE | |
r-devel-linux-x86_64-debian-gcc | 1.1.4 | 10.09 | 126.10 | 136.19 | NOTE | |
r-devel-linux-x86_64-fedora-clang | 1.1.4 | 310.36 | NOTE | |||
r-devel-linux-x86_64-fedora-gcc | 1.1.4 | 289.16 | OK | |||
r-devel-windows-x86_64 | 1.1.4 | 15.00 | 258.00 | 273.00 | NOTE | |
r-patched-linux-x86_64 | 1.1.4 | 18.13 | 167.69 | 185.82 | OK | |
r-release-linux-x86_64 | 1.1.4 | 11.58 | 167.44 | 179.02 | OK | |
r-release-macos-arm64 | 1.1.4 | 82.00 | OK | |||
r-release-macos-x86_64 | 1.1.4 | 193.00 | OK | |||
r-release-windows-x86_64 | 1.1.4 | 15.00 | 264.00 | 279.00 | OK | |
r-oldrel-macos-arm64 | 1.1.4 | 86.00 | OK | |||
r-oldrel-macos-x86_64 | 1.1.4 | 233.00 | OK | |||
r-oldrel-windows-x86_64 | 1.1.4 | 20.00 | 278.00 | 298.00 | OK |
Version: 1.1.4
Check: Rd cross-references
Result: NOTE
Found the following Rd file(s) with Rd \link{} targets missing package
anchors:
step_collapse_cart.Rd: selections, bake, prep, tidy.recipe
step_collapse_stringdist.Rd: selections, prep, tidy.recipe
step_discretize_cart.Rd: selections, tidy.recipe
step_discretize_xgb.Rd: selections, tidy.recipe
step_embed.Rd: tidy.recipe
step_feature_hash.Rd: tidy.recipe
step_lencode_bayes.Rd: tidy.recipe
step_lencode_glm.Rd: tidy.recipe
step_lencode_mixed.Rd: tidy.recipe
step_pca_sparse.Rd: selections, prep, tidy.recipe
step_pca_sparse_bayes.Rd: selections, prep, tidy.recipe
step_pca_truncated.Rd: prep, step_center, step_scale, tidy.recipe,
case_weights
step_umap.Rd: prep, bake, tidy.recipe
step_woe.Rd: selections, step_discretize, tidy.recipe
Please provide package anchors for all Rd \link{} targets not in the
package itself and the base packages.
Flavors: r-devel-linux-x86_64-debian-clang, r-devel-linux-x86_64-debian-gcc, r-devel-windows-x86_64
Version: 1.1.4
Check: Rd cross-references
Result: NOTE
Undeclared package ‘textrecipes’ in Rd xrefs
Flavor: r-devel-linux-x86_64-fedora-clang