Last updated on 2024-08-16 03:49:22 CEST.
Flavor | Version | Tinstall | Tcheck | Ttotal | Status | Flags |
---|---|---|---|---|---|---|
r-devel-linux-x86_64-debian-clang | 2.2.2 | 26.17 | 186.13 | 212.30 | NOTE | |
r-devel-linux-x86_64-debian-gcc | 2.2.2 | 15.42 | 127.69 | 143.11 | NOTE | |
r-devel-linux-x86_64-fedora-clang | 2.2.2 | 339.95 | NOTE | |||
r-devel-linux-x86_64-fedora-gcc | 2.2.2 | 333.79 | NOTE | |||
r-devel-windows-x86_64 | 2.2.2 | 26.00 | 178.00 | 204.00 | NOTE | |
r-patched-linux-x86_64 | 2.2.2 | 32.50 | 175.50 | 208.00 | OK | |
r-release-linux-x86_64 | 2.2.2 | 23.53 | 176.22 | 199.75 | OK | |
r-release-macos-arm64 | 2.2.2 | 104.00 | OK | |||
r-release-macos-x86_64 | 2.2.2 | 277.00 | OK | |||
r-release-windows-x86_64 | 2.2.2 | 27.00 | 177.00 | 204.00 | OK | |
r-oldrel-macos-arm64 | 2.2.2 | 109.00 | OK | |||
r-oldrel-macos-x86_64 | 2.2.2 | 229.00 | OK | |||
r-oldrel-windows-x86_64 | 2.2.2 | 35.00 | 224.00 | 259.00 | OK |
Version: 2.2.2
Check: Rd cross-references
Result: NOTE
Found the following Rd file(s) with Rd \link{} targets missing package
anchors:
write.excel.Rd: openxlsx
Please provide package anchors for all Rd \link{} targets not in the
package itself and the base packages.
Flavors: r-devel-linux-x86_64-debian-clang, r-devel-linux-x86_64-debian-gcc, r-devel-windows-x86_64
Version: 2.2.2
Check: data for non-ASCII characters
Result: NOTE
Note: found 50 marked Latin-1 strings
Flavors: r-devel-linux-x86_64-fedora-clang, r-devel-linux-x86_64-fedora-gcc