Last updated on 2024-08-16 15:49:31 CEST.
Flavor | Version | Tinstall | Tcheck | Ttotal | Status | Flags |
---|---|---|---|---|---|---|
r-devel-linux-x86_64-debian-clang | 0.7.1 | 7.04 | 75.46 | 82.50 | OK | |
r-devel-linux-x86_64-debian-gcc | 0.7.1 | 4.38 | 53.23 | 57.61 | OK | |
r-devel-linux-x86_64-fedora-clang | 0.7.1 | 132.87 | OK | |||
r-devel-linux-x86_64-fedora-gcc | 0.7.1 | 140.42 | OK | |||
r-devel-windows-x86_64 | 0.7.1 | 9.00 | 117.00 | 126.00 | OK | |
r-patched-linux-x86_64 | 0.7.1 | 6.73 | 69.40 | 76.13 | OK | |
r-release-linux-x86_64 | 0.7.1 | 6.01 | 70.95 | 76.96 | OK | |
r-release-macos-arm64 | 0.7.1 | 49.00 | OK | |||
r-release-macos-x86_64 | 0.7.1 | 70.00 | OK | |||
r-release-windows-x86_64 | 0.7.1 | 9.00 | 118.00 | 127.00 | OK | |
r-oldrel-macos-arm64 | 0.7.1 | 38.00 | NOTE | |||
r-oldrel-macos-x86_64 | 0.7.1 | 38.00 | NOTE | |||
r-oldrel-windows-x86_64 | 0.7.1 | 10.00 | 137.00 | 147.00 | OK |
Version: 0.7.1
Check: package dependencies
Result: NOTE
Packages suggested but not available for checking: 'xcms', 'MSnbase'
Flavors: r-oldrel-macos-arm64, r-oldrel-macos-x86_64