Last updated on 2024-05-02 15:51:00 CEST.
Flavor | Version | Tinstall | Tcheck | Ttotal | Status | Flags |
---|---|---|---|---|---|---|
r-devel-linux-x86_64-debian-clang | 1.1.1 | 1.94 | 26.88 | 28.82 | NOTE | |
r-devel-linux-x86_64-debian-gcc | 1.1.1 | 1.59 | 20.62 | 22.21 | NOTE | |
r-devel-linux-x86_64-fedora-clang | 1.1.1 | 38.46 | NOTE | |||
r-devel-linux-x86_64-fedora-gcc | 1.1.1 | 47.54 | NOTE | |||
r-devel-windows-x86_64 | 1.1.1 | 3.00 | 43.00 | 46.00 | NOTE | |
r-patched-linux-x86_64 | 1.1.1 | 2.28 | 25.93 | 28.21 | NOTE | |
r-release-linux-x86_64 | 1.1.1 | 1.89 | 25.23 | 27.12 | NOTE | |
r-release-macos-arm64 | 1.1.1 | 22.00 | NOTE | |||
r-release-windows-x86_64 | 1.1.1 | 2.00 | 42.00 | 44.00 | NOTE | |
r-oldrel-macos-arm64 | 1.1.1 | 23.00 | NOTE | |||
r-oldrel-macos-x86_64 | 1.1.1 | 32.00 | NOTE | |||
r-oldrel-windows-x86_64 | 1.1.1 | 2.00 | 42.00 | 44.00 | NOTE |
Version: 1.1.1
Check: LazyData
Result: NOTE
'LazyData' is specified without a 'data' directory
Flavors: r-devel-linux-x86_64-debian-clang, r-devel-linux-x86_64-debian-gcc, r-devel-linux-x86_64-fedora-clang, r-devel-linux-x86_64-fedora-gcc, r-devel-windows-x86_64, r-patched-linux-x86_64, r-release-linux-x86_64, r-release-macos-arm64, r-release-windows-x86_64, r-oldrel-macos-arm64, r-oldrel-macos-x86_64, r-oldrel-windows-x86_64