Last updated on 2024-07-12 15:52:46 CEST.
Flavor | Version | Tinstall | Tcheck | Ttotal | Status | Flags |
---|---|---|---|---|---|---|
r-devel-linux-x86_64-debian-clang | 0.2.0 | 9.42 | 74.43 | 83.85 | OK | |
r-devel-linux-x86_64-debian-gcc | 0.2.0 | 7.25 | 55.72 | 62.97 | OK | |
r-devel-linux-x86_64-fedora-clang | 0.2.0 | 107.61 | NOTE | |||
r-devel-linux-x86_64-fedora-gcc | 0.2.0 | 109.74 | OK | |||
r-devel-windows-x86_64 | 0.2.0 | 10.00 | 79.00 | 89.00 | NOTE | |
r-patched-linux-x86_64 | 0.2.0 | 17.28 | 70.93 | 88.21 | OK | |
r-release-linux-x86_64 | 0.2.0 | 5.29 | 70.74 | 76.03 | OK | |
r-release-macos-arm64 | 0.2.0 | 35.00 | NOTE | |||
r-release-macos-x86_64 | 0.2.0 | 59.00 | NOTE | |||
r-release-windows-x86_64 | 0.2.0 | 8.00 | 79.00 | 87.00 | NOTE | |
r-oldrel-macos-arm64 | 0.2.0 | 46.00 | NOTE | |||
r-oldrel-macos-x86_64 | 0.2.0 | 87.00 | NOTE | |||
r-oldrel-windows-x86_64 | 0.2.0 | 12.00 | 88.00 | 100.00 | NOTE |
Version: 0.2.0
Check: installed package size
Result: NOTE
installed size is 5.7Mb
sub-directories of 1Mb or more:
doc 2.9Mb
help 2.5Mb
Flavors: r-devel-linux-x86_64-fedora-clang, r-devel-windows-x86_64, r-release-macos-arm64, r-release-macos-x86_64, r-release-windows-x86_64, r-oldrel-macos-arm64, r-oldrel-macos-x86_64, r-oldrel-windows-x86_64
Version: 0.2.0
Check: Rd cross-references
Result: NOTE
Found the following Rd file(s) with Rd \link{} targets missing package
anchors:
clean_admin_names.Rd: countrycode
clean_names_strings.Rd: janitor
consistency_check.Rd: ggplot2
export.Rd: rio
import.Rd: rio
missing_plot.Rd: ggplot2
Please provide package anchors for all Rd \link{} targets not in the
package itself and the base packages.
Flavor: r-devel-windows-x86_64