Last updated on 2024-08-16 03:49:22 CEST.
Flavor | Version | Tinstall | Tcheck | Ttotal | Status | Flags |
---|---|---|---|---|---|---|
r-devel-linux-x86_64-debian-clang | 0.15.3 | 143.79 | 324.55 | 468.34 | OK | |
r-devel-linux-x86_64-debian-gcc | 0.15.3 | 134.95 | 0.03 | 134.98 | FAIL | |
r-devel-linux-x86_64-fedora-clang | 0.15.3 | 806.53 | OK | |||
r-devel-linux-x86_64-fedora-gcc | 0.15.3 | 1118.02 | OK | |||
r-devel-windows-x86_64 | 0.15.3 | 146.00 | 468.00 | 614.00 | NOTE | |
r-patched-linux-x86_64 | 0.15.3 | 190.17 | 0.01 | 190.18 | FAIL | |
r-release-linux-x86_64 | 0.15.3 | 186.80 | 85.22 | 272.02 | FAIL | |
r-release-macos-arm64 | 0.15.3 | 208.00 | NOTE | |||
r-release-macos-x86_64 | 0.15.3 | 685.00 | NOTE | |||
r-release-windows-x86_64 | 0.15.3 | 148.00 | 461.00 | 609.00 | NOTE | |
r-oldrel-macos-arm64 | 0.15.3 | 253.00 | NOTE | |||
r-oldrel-macos-x86_64 | 0.15.3 | 533.00 | NOTE | |||
r-oldrel-windows-x86_64 | 0.15.3 | 190.00 | 577.00 | 767.00 | NOTE |
Version: 0.15.3
Check: tests
Result: FAIL
Flavors: r-devel-linux-x86_64-debian-gcc, r-patched-linux-x86_64, r-release-linux-x86_64
Version: 0.15.3
Check: installed package size
Result: NOTE
installed size is 14.2Mb
sub-directories of 1Mb or more:
libs 13.6Mb
Flavors: r-devel-windows-x86_64, r-release-macos-arm64, r-release-macos-x86_64, r-release-windows-x86_64, r-oldrel-macos-arm64, r-oldrel-macos-x86_64, r-oldrel-windows-x86_64