Last updated on 2024-05-02 15:51:00 CEST.
Flavor | Version | Tinstall | Tcheck | Ttotal | Status | Flags |
---|---|---|---|---|---|---|
r-devel-linux-x86_64-debian-clang | 0.1 | 1.77 | 22.44 | 24.21 | NOTE | |
r-devel-linux-x86_64-debian-gcc | 0.1 | 1.52 | 17.09 | 18.61 | NOTE | |
r-devel-linux-x86_64-fedora-clang | 0.1 | 31.91 | NOTE | |||
r-devel-linux-x86_64-fedora-gcc | 0.1 | 29.19 | NOTE | |||
r-devel-windows-x86_64 | 0.1 | 2.00 | 38.00 | 40.00 | NOTE | |
r-patched-linux-x86_64 | 0.1 | 2.02 | 21.58 | 23.60 | NOTE | |
r-release-linux-x86_64 | 0.1 | 1.97 | 21.70 | 23.67 | NOTE | |
r-release-macos-arm64 | 0.1 | 15.00 | NOTE | |||
r-release-windows-x86_64 | 0.1 | 3.00 | 40.00 | 43.00 | NOTE | |
r-oldrel-macos-arm64 | 0.1 | 16.00 | NOTE | |||
r-oldrel-macos-x86_64 | 0.1 | 20.00 | NOTE | |||
r-oldrel-windows-x86_64 | 0.1 | 3.00 | 39.00 | 42.00 | NOTE |
Version: 0.1
Check: LazyData
Result: NOTE
'LazyData' is specified without a 'data' directory
Flavors: r-devel-linux-x86_64-debian-clang, r-devel-linux-x86_64-debian-gcc, r-devel-linux-x86_64-fedora-clang, r-devel-linux-x86_64-fedora-gcc, r-devel-windows-x86_64, r-patched-linux-x86_64, r-release-linux-x86_64, r-release-macos-arm64, r-release-windows-x86_64, r-oldrel-macos-arm64, r-oldrel-macos-x86_64, r-oldrel-windows-x86_64