Last updated on 2024-08-16 03:49:22 CEST.
Flavor | Version | Tinstall | Tcheck | Ttotal | Status | Flags |
---|---|---|---|---|---|---|
r-devel-linux-x86_64-debian-clang | 4.0.0 | 9.36 | 79.74 | 89.10 | OK | |
r-devel-linux-x86_64-debian-gcc | 4.0.0 | 6.42 | 56.47 | 62.89 | OK | |
r-devel-linux-x86_64-fedora-clang | 4.0.0 | 143.63 | NOTE | |||
r-devel-linux-x86_64-fedora-gcc | 4.0.0 | 149.84 | NOTE | |||
r-devel-windows-x86_64 | 4.0.0 | 11.00 | 102.00 | 113.00 | OK | |
r-patched-linux-x86_64 | 4.0.0 | 10.14 | 74.14 | 84.28 | OK | |
r-release-linux-x86_64 | 4.0.0 | 9.66 | 75.06 | 84.72 | OK | |
r-release-macos-arm64 | 4.0.0 | 66.00 | OK | |||
r-release-macos-x86_64 | 4.0.0 | 98.00 | OK | |||
r-release-windows-x86_64 | 4.0.0 | 12.00 | 101.00 | 113.00 | OK | |
r-oldrel-macos-arm64 | 4.0.0 | 79.00 | OK | |||
r-oldrel-macos-x86_64 | 4.0.0 | 108.00 | OK | |||
r-oldrel-windows-x86_64 | 4.0.0 | 15.00 | 121.00 | 136.00 | OK |
Version: 4.0.0
Check: data for non-ASCII characters
Result: NOTE
Note: found 1054 marked UTF-8 strings
Flavors: r-devel-linux-x86_64-fedora-clang, r-devel-linux-x86_64-fedora-gcc