Last updated on 2024-08-08 15:48:21 CEST.
Flavor | Version | Tinstall | Tcheck | Ttotal | Status | Flags |
---|---|---|---|---|---|---|
r-devel-linux-x86_64-debian-clang | 0.0.1 | 15.96 | 21.78 | 37.74 | NOTE | |
r-devel-linux-x86_64-debian-gcc | 0.0.1 | 11.62 | 17.94 | 29.56 | NOTE | |
r-devel-linux-x86_64-fedora-clang | 0.0.1 | 70.12 | NOTE | |||
r-devel-linux-x86_64-fedora-gcc | 0.0.1 | 69.73 | NOTE | |||
r-devel-windows-x86_64 | 0.0.1 | 20.00 | 59.00 | 79.00 | NOTE | |
r-patched-linux-x86_64 | 0.0.1 | 15.23 | 21.46 | 36.69 | NOTE | |
r-release-linux-x86_64 | 0.0.1 | 17.39 | 21.00 | 38.39 | NOTE | |
r-release-macos-arm64 | 0.0.1 | 23.00 | NOTE | |||
r-release-macos-x86_64 | 0.0.1 | 33.00 | NOTE | |||
r-release-windows-x86_64 | 0.0.1 | 19.00 | 59.00 | 78.00 | NOTE | |
r-oldrel-macos-arm64 | 0.0.1 | 25.00 | NOTE | |||
r-oldrel-macos-x86_64 | 0.0.1 | 38.00 | NOTE | |||
r-oldrel-windows-x86_64 | 0.0.1 | 18.00 | 67.00 | 85.00 | NOTE |
Version: 0.0.1
Check: LazyData
Result: NOTE
'LazyData' is specified without a 'data' directory
Flavors: r-devel-linux-x86_64-debian-clang, r-devel-linux-x86_64-debian-gcc, r-devel-linux-x86_64-fedora-clang, r-devel-linux-x86_64-fedora-gcc, r-devel-windows-x86_64, r-patched-linux-x86_64, r-release-linux-x86_64, r-release-macos-arm64, r-release-macos-x86_64, r-release-windows-x86_64, r-oldrel-macos-arm64, r-oldrel-macos-x86_64, r-oldrel-windows-x86_64
Version: 0.0.1
Check: C++ specification
Result: NOTE
Specified C++11: please drop specification unless essential
Flavors: r-devel-windows-x86_64, r-release-windows-x86_64, r-oldrel-windows-x86_64