Last updated on 2024-08-16 15:49:31 CEST.
Flavor | Version | Tinstall | Tcheck | Ttotal | Status | Flags |
---|---|---|---|---|---|---|
r-devel-linux-x86_64-debian-clang | 0.1.0 | 7.05 | 119.40 | 126.45 | NOTE | |
r-devel-linux-x86_64-debian-gcc | 0.1.0 | 5.21 | 87.79 | 93.00 | NOTE | |
r-devel-linux-x86_64-fedora-clang | 0.1.0 | 204.32 | NOTE | |||
r-devel-linux-x86_64-fedora-gcc | 0.1.0 | 186.69 | NOTE | |||
r-devel-windows-x86_64 | 0.1.0 | 8.00 | 128.00 | 136.00 | NOTE | |
r-patched-linux-x86_64 | 0.1.0 | 6.43 | 113.80 | 120.23 | NOTE | |
r-release-linux-x86_64 | 0.1.0 | 6.14 | 114.27 | 120.41 | NOTE | |
r-release-macos-arm64 | 0.1.0 | 55.00 | NOTE | |||
r-release-macos-x86_64 | 0.1.0 | 84.00 | NOTE | |||
r-release-windows-x86_64 | 0.1.0 | 8.00 | 127.00 | 135.00 | NOTE | |
r-oldrel-macos-arm64 | 0.1.0 | 58.00 | NOTE | |||
r-oldrel-macos-x86_64 | 0.1.0 | 84.00 | NOTE | |||
r-oldrel-windows-x86_64 | 0.1.0 | 11.00 | 154.00 | 165.00 | NOTE |
Version: 0.1.0
Check: LazyData
Result: NOTE
'LazyData' is specified without a 'data' directory
Flavors: r-devel-linux-x86_64-debian-clang, r-devel-linux-x86_64-debian-gcc, r-devel-linux-x86_64-fedora-clang, r-devel-linux-x86_64-fedora-gcc, r-devel-windows-x86_64, r-patched-linux-x86_64, r-release-linux-x86_64, r-release-macos-arm64, r-release-macos-x86_64, r-release-windows-x86_64, r-oldrel-macos-arm64, r-oldrel-macos-x86_64, r-oldrel-windows-x86_64
Version: 0.1.0
Check: Rd cross-references
Result: NOTE
Undeclared package ‘tibble’ in Rd xrefs
Flavor: r-devel-linux-x86_64-fedora-clang