Last updated on 2024-07-12 02:51:10 CEST.
Flavor | Version | Tinstall | Tcheck | Ttotal | Status | Flags |
---|---|---|---|---|---|---|
r-devel-linux-x86_64-debian-clang | 1.0.4 | 73.70 | 82.23 | 155.93 | OK | |
r-devel-linux-x86_64-debian-gcc | 1.0.4 | 49.10 | 62.06 | 111.16 | OK | |
r-devel-linux-x86_64-fedora-clang | 1.0.4 | 234.31 | OK | |||
r-devel-linux-x86_64-fedora-gcc | 1.0.4 | 243.00 | OK | |||
r-devel-windows-x86_64 | 1.0.4 | 68.00 | 136.00 | 204.00 | OK | |
r-patched-linux-x86_64 | 1.0.4 | 59.24 | 78.20 | 137.44 | OK | |
r-release-linux-x86_64 | 1.0.4 | 60.66 | 80.17 | 140.83 | OK | |
r-release-macos-arm64 | 1.0.4 | 56.00 | NOTE | |||
r-release-macos-x86_64 | 1.0.4 | 84.00 | NOTE | |||
r-release-windows-x86_64 | 1.0.4 | 66.00 | 138.00 | 204.00 | OK | |
r-oldrel-macos-arm64 | 1.0.4 | 79.00 | NOTE | |||
r-oldrel-macos-x86_64 | 1.0.4 | 100.00 | NOTE | |||
r-oldrel-windows-x86_64 | 1.0.4 | 76.00 | 154.00 | 230.00 | OK |
Version: 1.0.4
Check: installed package size
Result: NOTE
installed size is 6.7Mb
sub-directories of 1Mb or more:
doc 1.7Mb
libs 3.9Mb
Flavors: r-release-macos-arm64, r-release-macos-x86_64, r-oldrel-macos-arm64, r-oldrel-macos-x86_64